{"id":983,"date":"2016-09-14T14:52:16","date_gmt":"2016-09-14T13:52:16","guid":{"rendered":"http:\/\/fol20.robertoquiros.es\/?page_id=983"},"modified":"2020-10-09T07:48:33","modified_gmt":"2020-10-09T06:48:33","slug":"inicio-curso","status":"publish","type":"page","link":"https:\/\/fol20.robertoquiros.es\/?page_id=983","title":{"rendered":"Inicio curso"},"content":{"rendered":"\n<figure class=\"wp-block-image size-large\"><img loading=\"lazy\" decoding=\"async\" width=\"1024\" height=\"724\" src=\"http:\/\/fol20.robertoquiros.es\/wp-content\/uploads\/2020\/10\/Esquema-aula-33-1oIEA-1024x724.png\" alt=\"\" class=\"wp-image-1573\" srcset=\"https:\/\/fol20.robertoquiros.es\/wp-content\/uploads\/2020\/10\/Esquema-aula-33-1oIEA-1024x724.png 1024w, https:\/\/fol20.robertoquiros.es\/wp-content\/uploads\/2020\/10\/Esquema-aula-33-1oIEA-300x212.png 300w, https:\/\/fol20.robertoquiros.es\/wp-content\/uploads\/2020\/10\/Esquema-aula-33-1oIEA-768x543.png 768w, https:\/\/fol20.robertoquiros.es\/wp-content\/uploads\/2020\/10\/Esquema-aula-33-1oIEA.png 1123w\" sizes=\"auto, (max-width: 1024px) 100vw, 1024px\" \/><\/figure>\n\n\n\n<figure class=\"wp-block-image size-large\"><img loading=\"lazy\" decoding=\"async\" width=\"1024\" height=\"724\" src=\"http:\/\/fol20.robertoquiros.es\/wp-content\/uploads\/2020\/10\/Esquema-aula-33-1oADMIN-1024x724.png\" alt=\"\" class=\"wp-image-1572\" srcset=\"https:\/\/fol20.robertoquiros.es\/wp-content\/uploads\/2020\/10\/Esquema-aula-33-1oADMIN-1024x724.png 1024w, https:\/\/fol20.robertoquiros.es\/wp-content\/uploads\/2020\/10\/Esquema-aula-33-1oADMIN-300x212.png 300w, https:\/\/fol20.robertoquiros.es\/wp-content\/uploads\/2020\/10\/Esquema-aula-33-1oADMIN-768x543.png 768w, https:\/\/fol20.robertoquiros.es\/wp-content\/uploads\/2020\/10\/Esquema-aula-33-1oADMIN.png 1123w\" sizes=\"auto, (max-width: 1024px) 100vw, 1024px\" \/><\/figure>\n\n\n\n<figure class=\"wp-block-image size-large\"><img loading=\"lazy\" decoding=\"async\" width=\"1024\" height=\"724\" src=\"http:\/\/fol20.robertoquiros.es\/wp-content\/uploads\/2020\/09\/Esquema-aula-33-1oTMV-1024x724.png\" alt=\"\" class=\"wp-image-1567\" srcset=\"https:\/\/fol20.robertoquiros.es\/wp-content\/uploads\/2020\/09\/Esquema-aula-33-1oTMV-1024x724.png 1024w, https:\/\/fol20.robertoquiros.es\/wp-content\/uploads\/2020\/09\/Esquema-aula-33-1oTMV-300x212.png 300w, https:\/\/fol20.robertoquiros.es\/wp-content\/uploads\/2020\/09\/Esquema-aula-33-1oTMV-768x543.png 768w, https:\/\/fol20.robertoquiros.es\/wp-content\/uploads\/2020\/09\/Esquema-aula-33-1oTMV.png 1123w\" sizes=\"auto, (max-width: 1024px) 100vw, 1024px\" \/><\/figure>\n\n\n\n<figure class=\"wp-block-image size-large\"><img loading=\"lazy\" decoding=\"async\" width=\"1024\" height=\"724\" src=\"http:\/\/fol20.robertoquiros.es\/wp-content\/uploads\/2020\/09\/Esquema-aula-33-2oIEA-1024x724.png\" alt=\"\" class=\"wp-image-1568\" srcset=\"https:\/\/fol20.robertoquiros.es\/wp-content\/uploads\/2020\/09\/Esquema-aula-33-2oIEA-1024x724.png 1024w, https:\/\/fol20.robertoquiros.es\/wp-content\/uploads\/2020\/09\/Esquema-aula-33-2oIEA-300x212.png 300w, https:\/\/fol20.robertoquiros.es\/wp-content\/uploads\/2020\/09\/Esquema-aula-33-2oIEA-768x543.png 768w, https:\/\/fol20.robertoquiros.es\/wp-content\/uploads\/2020\/09\/Esquema-aula-33-2oIEA.png 1123w\" sizes=\"auto, (max-width: 1024px) 100vw, 1024px\" \/><\/figure>\n\n\n\n<figure class=\"wp-block-image size-large\"><img loading=\"lazy\" decoding=\"async\" width=\"1024\" height=\"724\" src=\"http:\/\/fol20.robertoquiros.es\/wp-content\/uploads\/2020\/09\/Esquema-aula-33-2oTMV-1024x724.png\" alt=\"\" class=\"wp-image-1569\" srcset=\"https:\/\/fol20.robertoquiros.es\/wp-content\/uploads\/2020\/09\/Esquema-aula-33-2oTMV-1024x724.png 1024w, https:\/\/fol20.robertoquiros.es\/wp-content\/uploads\/2020\/09\/Esquema-aula-33-2oTMV-300x212.png 300w, https:\/\/fol20.robertoquiros.es\/wp-content\/uploads\/2020\/09\/Esquema-aula-33-2oTMV-768x543.png 768w, https:\/\/fol20.robertoquiros.es\/wp-content\/uploads\/2020\/09\/Esquema-aula-33-2oTMV.png 1123w\" sizes=\"auto, (max-width: 1024px) 100vw, 1024px\" \/><\/figure>\n\n\n<p><a href=\"http:\/\/fol20.robertoquiros.es\/wp-content\/uploads\/2016\/09\/Guion-inicio-curso.doc\" target=\"_blank\" rel=\"noopener noreferrer\">Gui\u00f3n inicio de curso<\/a><a href=\"http:\/\/fol20.robertoquiros.es\/?attachment_id=632\" rel=\"attachment wp-att-632\"><img loading=\"lazy\" decoding=\"async\" class=\"alignnone wp-image-632\" src=\"http:\/\/fol20.robertoquiros.es\/wp-content\/uploads\/2015\/02\/icono-word.png\" alt=\"icono word\" width=\"27\" height=\"37\"><\/a><\/p>\n<p><a href=\"http:\/\/fol20.robertoquiros.es\/wp-content\/uploads\/2016\/09\/Resumen-evaluacion.doc\" target=\"_blank\" rel=\"noopener noreferrer\">Resumen evaluaci\u00f3n<\/a><a href=\"http:\/\/fol20.robertoquiros.es\/?attachment_id=632\" rel=\"attachment wp-att-632\"><img loading=\"lazy\" decoding=\"async\" class=\"alignnone wp-image-632\" src=\"http:\/\/fol20.robertoquiros.es\/wp-content\/uploads\/2015\/02\/icono-word.png\" alt=\"icono word\" width=\"27\" height=\"37\"><\/a><\/p>\n<p><a href=\"http:\/\/fol20.robertoquiros.es\/wp-content\/uploads\/2016\/09\/Funcionamiento-de-un-d\u00eda-normal.doc\" target=\"_blank\" rel=\"noopener noreferrer\">Funcionamiento de un d\u00eda normal<\/a><a href=\"http:\/\/fol20.robertoquiros.es\/?attachment_id=632\" rel=\"attachment wp-att-632\"><img loading=\"lazy\" decoding=\"async\" class=\"alignnone wp-image-632\" src=\"http:\/\/fol20.robertoquiros.es\/wp-content\/uploads\/2015\/02\/icono-word.png\" alt=\"icono word\" width=\"27\" height=\"37\"><\/a><\/p>\n<p><iframe loading=\"lazy\" style=\"border: 1px solid #CCC; border-width: 1px; margin-bottom: 5px; max-width: 100%;\" src=\"\/\/www.slideshare.net\/slideshow\/embed_code\/key\/rSNaeqwziZv7Jf\" marginwidth=\"0\" marginheight=\"0\" scrolling=\"no\" allowfullscreen=\"allowfullscreen\" width=\"595\" height=\"485\" frameborder=\"0\"> <\/iframe><\/p>\n<p>&nbsp;<\/p>\n<p><iframe loading=\"lazy\" src=\"https:\/\/www.youtube.com\/embed\/XGiqagn73R8?rel=0\" allowfullscreen=\"allowfullscreen\" width=\"640\" height=\"360\" frameborder=\"0\"><\/iframe><\/p>\n<p><span style=\"font-family: arial,helvetica,sans-serif; font-size: 14pt;\"><a href=\"http:\/\/fol20.robertoquiros.es\/wp-content\/uploads\/2017\/04\/Resumen-Grecia.ppt\" target=\"_blank\" rel=\"noopener noreferrer\">Presentaci\u00f3n-Resumen Grecia 2017<\/a><a href=\"http:\/\/fol20.robertoquiros.es\/?attachment_id=631\" rel=\"attachment wp-att-631\"><img loading=\"lazy\" decoding=\"async\" class=\" wp-image-631 alignnone\" src=\"http:\/\/fol20.robertoquiros.es\/wp-content\/uploads\/2015\/02\/icono-powerpoint.png\" alt=\"\" width=\"42\" height=\"36\"><\/a><\/span><\/p>","protected":false},"excerpt":{"rendered":"<p>Gui\u00f3n inicio de curso Resumen evaluaci\u00f3n Funcionamiento de un d\u00eda normal &nbsp; Presentaci\u00f3n-Resumen Grecia 2017<\/p>\n","protected":false},"author":1,"featured_media":0,"parent":0,"menu_order":22,"comment_status":"closed","ping_status":"closed","template":"","meta":{"footnotes":""},"class_list":["post-983","page","type-page","status-publish","hentry"],"_links":{"self":[{"href":"https:\/\/fol20.robertoquiros.es\/index.php?rest_route=\/wp\/v2\/pages\/983","targetHints":{"allow":["GET"]}}],"collection":[{"href":"https:\/\/fol20.robertoquiros.es\/index.php?rest_route=\/wp\/v2\/pages"}],"about":[{"href":"https:\/\/fol20.robertoquiros.es\/index.php?rest_route=\/wp\/v2\/types\/page"}],"author":[{"embeddable":true,"href":"https:\/\/fol20.robertoquiros.es\/index.php?rest_route=\/wp\/v2\/users\/1"}],"replies":[{"embeddable":true,"href":"https:\/\/fol20.robertoquiros.es\/index.php?rest_route=%2Fwp%2Fv2%2Fcomments&post=983"}],"version-history":[{"count":11,"href":"https:\/\/fol20.robertoquiros.es\/index.php?rest_route=\/wp\/v2\/pages\/983\/revisions"}],"predecessor-version":[{"id":1574,"href":"https:\/\/fol20.robertoquiros.es\/index.php?rest_route=\/wp\/v2\/pages\/983\/revisions\/1574"}],"wp:attachment":[{"href":"https:\/\/fol20.robertoquiros.es\/index.php?rest_route=%2Fwp%2Fv2%2Fmedia&parent=983"}],"curies":[{"name":"wp","href":"https:\/\/api.w.org\/{rel}","templated":true}]}}