{"id":92,"date":"2015-01-29T13:06:44","date_gmt":"2015-01-29T12:06:44","guid":{"rendered":"http:\/\/folnuevo.fol20.es\/?page_id=92"},"modified":"2023-05-19T09:10:31","modified_gmt":"2023-05-19T08:10:31","slug":"8-7-riesgos-ambientales","status":"publish","type":"page","link":"https:\/\/fol20.robertoquiros.es\/?page_id=92","title":{"rendered":"8.7 Riesgos ambientales"},"content":{"rendered":"<div class=\"art-layout-wrapper\">\n<div class=\"art-content-layout\">\n<div class=\"art-content-layout-row\">\n<div class=\"art-layout-cell art-content\">\n<div class=\"item-page\">\n<article class=\"art-post\">\n<div class=\"art-postcontent clearfix\">\n<div class=\"art-article\">\n<p align=\"JUSTIFY\">En los lugares de trabajo podemos encontrar determinados agentes f\u00edsicos que pueden provocar da\u00f1os en el trabajador. Los m\u00e1s importantes, son:<\/p>\n<table border=\"1\" width=\"742\" cellspacing=\"0\" cellpadding=\"9\">\n<colgroup>\n<col width=\"170\" \/>\n<col width=\"534\" \/> <\/colgroup>\n<tbody>\n<tr valign=\"TOP\">\n<td bgcolor=\"#191919\" width=\"170\">\n<p align=\"CENTER\"><span style=\"color: #ffffff;\"><span style=\"font-size: large;\"><b>Tipo de riesgo<\/b><\/span><\/span><\/p>\n<\/td>\n<td bgcolor=\"#191919\" width=\"534\">\n<p align=\"CENTER\"><span style=\"color: #ffffff;\"><span style=\"font-size: large;\"><b>Descripci\u00f3n<\/b><\/span><\/span><\/p>\n<\/td>\n<\/tr>\n<tr valign=\"TOP\">\n<td bgcolor=\"#ffffff\" width=\"170\">\n<p align=\"CENTER\"><b>ruido<\/b><\/p>\n<\/td>\n<td bgcolor=\"#ffffff\" width=\"534\">\n<p align=\"JUSTIFY\">Causa no s\u00f3lo problemas f\u00edsicos (hipoacusia y sordera profesional), sino tambi\u00e9n otros trastornos como fatiga, falta de atenci\u00f3n y concentraci\u00f3n , cambios de car\u00e1cter, etc.<\/p>\n<\/td>\n<\/tr>\n<tr valign=\"TOP\">\n<td bgcolor=\"#ffffff\" width=\"170\">\n<p align=\"CENTER\"><b>iluminaci\u00f3n<\/b><\/p>\n<\/td>\n<td bgcolor=\"#ffffff\" width=\"534\">\n<p align=\"JUSTIFY\">Dependiendo del tipo de trabajo se precisa una mayor o menor cantidad de luz para desempe\u00f1ar aquel con comodidad y eficacia.<\/p>\n<\/td>\n<\/tr>\n<tr valign=\"TOP\">\n<td bgcolor=\"#ffffff\" width=\"170\">\n<p align=\"CENTER\"><b>temperatura y humedad<\/b><\/p>\n<\/td>\n<td bgcolor=\"#ffffff\" width=\"534\">\n<p align=\"JUSTIFY\">Se dice que existe <i><b>confort t\u00e9rmico<\/b><\/i> cuando las personas no tienen sensaci\u00f3n de fr\u00edo ni de calor.<\/p>\n<\/td>\n<\/tr>\n<tr valign=\"TOP\">\n<td bgcolor=\"#ffffff\" width=\"170\">\n<p align=\"CENTER\"><b>radiaciones<\/b><\/p>\n<\/td>\n<td bgcolor=\"#ffffff\" width=\"534\">\n<p align=\"JUSTIFY\">Son una fuente de energ\u00eda que puede resultar da\u00f1ina para los trabajadores, dependiendo del tipo de radiaci\u00f3n y del tiempo de exposici\u00f3n.<\/p>\n<\/td>\n<\/tr>\n<\/tbody>\n<\/table>\n<p><strong>Ruido <\/strong><\/p>\n<p><iframe loading=\"lazy\" src=\"http:\/\/es.slideshare.net\/slideshow\/embed_code\/15961144\" width=\"597\" height=\"486\" frameborder=\"0\" marginwidth=\"0\" marginheight=\"0\" scrolling=\"no\" allowfullscreen=\"allowfullscreen\"> <\/iframe><\/p>\n<div><\/div>\n<div><strong>\u00a0<\/strong><\/div>\n<div><strong>\u00a0<\/strong><\/div>\n<div><strong>\u00a0<\/strong><\/div>\n<div><strong><span style=\"font-size: 14pt;\">Iluminaci\u00f3n<\/span><br \/>\n<\/strong><\/div>\n<div>\n<p><strong>\u00a0<\/strong><iframe loading=\"lazy\" src=\"http:\/\/es.slideshare.net\/slideshow\/embed_code\/15961160\" width=\"597\" height=\"486\" frameborder=\"0\" marginwidth=\"0\" marginheight=\"0\" scrolling=\"no\" allowfullscreen=\"allowfullscreen\"> <\/iframe><\/p>\n<div><\/div>\n<\/div>\n<div><strong>\u00a0<\/strong><\/div>\n<div><strong>\u00a0<\/strong><\/div>\n<div><span style=\"font-size: 14pt;\"><strong>Temperatura y humedad<\/strong><\/span><\/div>\n<div><strong>\u00a0<\/strong><\/div>\n<div>\n<p>En los locales de trabajo cerrados deber\u00e1n cumplirse, en particular, las siguientes condiciones:<\/p>\n<ol>\n<li>La temperatura de los locales donde se realicen trabajos sedentarios propios de oficinas o similares estar\u00e1 comprendida entre 17 y 27\u00ba C.<br \/>\nLa temperatura de los locales donde se realicen trabajos ligeros estar\u00e1 comprendida entre 14 y 25\u00ba C.<\/li>\n<li>La humedad relativa estar\u00e1 comprendida entre el 30 y el 70%, excepto en los locales donde existan riesgos por electricidad est\u00e1tica en los que el l\u00edmite inferior ser\u00e1 el 50%.<\/li>\n<li>Los trabajadores no deber\u00e1n estar expuestos de forma frecuente o continuada a corrientes de aire cuya velocidad exceda los siguientes l\u00edmites:\n<ol>\n<li>Trabajos en ambientes no calurosos: 0,25 m\/s.<\/li>\n<li>Trabajos sedentarios en ambientes calurosos: 0,5 m\/s.<\/li>\n<li>Trabajos no sedentarios en ambientes calurosos: 0,75 m\/s.<\/li>\n<\/ol>\n<\/li>\n<\/ol>\n<p>Estos l\u00edmites no se aplicar\u00e1n a las corrientes de aire expresamente utilizadas para evitar el estr\u00e9s en exposiciones intensas al calor, ni a las corrientes de aire acondicionado, para las que el l\u00edmite ser\u00e1 de 0,25 m\/s en el caso de trabajos sedentarios y 0,35 m\/s en los dem\u00e1s casos.<\/p>\n<p>Se proh\u00edben los trabajos al aire libre, cuando haya una alerta <span style=\"color: #ff6600;\">naranja<\/span> o <span style=\"color: #ff0000;\">roja<\/span> por temperaturas extremas y las medidas preventivas sean insuficientes para bajar el nivel de riesgo.<\/p>\n<\/div>\n<div><strong>\u00a0<\/strong><\/div>\n<div><strong>\u00a0<\/strong><\/div>\n<div><strong>\u00a0<\/strong><\/div>\n<div><strong><span style=\"font-size: 14pt;\">Radiaciones<\/span><br \/>\n<\/strong><\/div>\n<div><img loading=\"lazy\" decoding=\"async\" class=\"aligncenter size-large wp-image-1362\" src=\"http:\/\/fol20.robertoquiros.es\/wp-content\/uploads\/2019\/04\/ionizante-y-no-ionizante-1024x514.png\" alt=\"\" width=\"640\" height=\"321\" srcset=\"https:\/\/fol20.robertoquiros.es\/wp-content\/uploads\/2019\/04\/ionizante-y-no-ionizante-1024x514.png 1024w, https:\/\/fol20.robertoquiros.es\/wp-content\/uploads\/2019\/04\/ionizante-y-no-ionizante-300x151.png 300w, https:\/\/fol20.robertoquiros.es\/wp-content\/uploads\/2019\/04\/ionizante-y-no-ionizante-768x385.png 768w, https:\/\/fol20.robertoquiros.es\/wp-content\/uploads\/2019\/04\/ionizante-y-no-ionizante.png 1044w\" sizes=\"auto, (max-width: 640px) 100vw, 640px\" \/><\/div>\n<p><iframe loading=\"lazy\" src=\"http:\/\/es.slideshare.net\/slideshow\/embed_code\/15961173\" width=\"597\" height=\"486\" frameborder=\"0\" marginwidth=\"0\" marginheight=\"0\" scrolling=\"no\" allowfullscreen=\"allowfullscreen\"> <\/iframe><\/p>\n<table border=\"0\" cellspacing=\"0\" cellpadding=\"0\">\n<tbody>\n<tr>\n<td colspan=\"5\">\n<p align=\"center\"><b>RADIACIONES <\/b><\/p>\n<p align=\"center\"><b>Tipos y ejemplos<\/b><\/p>\n<\/td>\n<\/tr>\n<tr>\n<td>\n<p align=\"center\"><b>Radiaciones<\/b><b> <\/b><\/p>\n<\/td>\n<td>\n<p align=\"center\"><b>Tipos<\/b><b> <\/b><\/p>\n<\/td>\n<td width=\"236\">\n<p align=\"center\"><b>Actividades<\/b><b> <\/b><\/p>\n<\/td>\n<td width=\"165\">\n<p align=\"center\"><b>Da\u00f1os<\/b><b> <\/b><\/p>\n<\/td>\n<td width=\"215\">\n<p align=\"center\"><b>Medidas de prevenci\u00f3n<\/b><b> <\/b><\/p>\n<\/td>\n<\/tr>\n<tr>\n<td rowspan=\"4\">\n<p align=\"center\">No ionizantes<\/p>\n<\/td>\n<td><b>Infrarrojos<\/b><b> <\/b><\/td>\n<td width=\"236\">&#8211; Soldadura<\/td>\n<td rowspan=\"4\" width=\"165\">&#8211; Quemaduras- Da\u00f1os en la piel y en los ojos<\/p>\n<p>&#8211; C\u00e1ncer<\/p>\n<p>&#8211; Afectar a la reproducci\u00f3n, al sistema nervioso, al circulatorio y al digestivo.<\/td>\n<td rowspan=\"8\" width=\"215\">&#8211; Limitaci\u00f3n de la exposici\u00f3n.<\/p>\n<p>&#8211; Se\u00f1alizaci\u00f3n.<\/p>\n<p>&#8211; Alejamiento del foco emisor.<\/p>\n<p>&#8211; Informar y formar a los trabajadores y trabajadoras sobre los riesgos y las medidas preventivas.<\/p>\n<p>&#8211; Uso de Equipos de Protecci\u00f3n Individual.<\/p>\n<p>&#8211; Realizar revisiones m\u00e9dicas.<\/td>\n<\/tr>\n<tr>\n<td><b>L\u00e1ser<\/b><b> <\/b><\/td>\n<td width=\"236\">&#8211; Cirug\u00eda- Artes gr\u00e1ficas<\/td>\n<\/tr>\n<tr>\n<td><b>Microondas<\/b><b> <\/b><\/td>\n<td width=\"236\">&#8211; Estaciones de radio- Radares<\/p>\n<p>&#8211; Emisoras de radio y TV<\/td>\n<\/tr>\n<tr>\n<td><b>Ultravioleta<\/b><b> <\/b><\/td>\n<td width=\"236\">&#8211; Fotocopiadoras- Esterilizaci\u00f3n de instrumentos<\/td>\n<\/tr>\n<tr>\n<td rowspan=\"4\">\n<p align=\"center\">Ionizantes<\/p>\n<\/td>\n<td><b>Rayos x<\/b><b> <\/b><\/td>\n<td rowspan=\"4\" width=\"236\">&#8211; Medicina nuclear y radiolog\u00eda.- Producci\u00f3n de energ\u00eda.<\/p>\n<p>&#8211; Esterilizaci\u00f3n de alimentos.<\/p>\n<p>&#8211; Laboratorios.<\/td>\n<td rowspan=\"4\" width=\"165\">&#8211; N\u00e1useas.- V\u00f3mitos.<\/p>\n<p>&#8211; P\u00e9rdida de pelo.<\/p>\n<p>&#8211; C\u00e1ncer de piel, huesos y pulm\u00f3n.<\/p>\n<p>&#8211; Esterilidad.<\/p>\n<p>&#8211; Malformaciones gen\u00e9ticas.<\/p>\n<p>&#8211; Leucemia.<\/td>\n<\/tr>\n<tr>\n<td><b>Rayos gamma <\/b><b><\/b><\/td>\n<\/tr>\n<tr>\n<td><b>Part\u00edculas alfa y beta<\/b><b> <\/b><\/td>\n<\/tr>\n<tr>\n<td><b>Neutrones<\/b><b> <\/b><\/td>\n<\/tr>\n<\/tbody>\n<\/table>\n<div><\/div>\n<\/div>\n<\/div>\n<\/article>\n<\/div>\n<\/div>\n<\/div>\n<\/div>\n<\/div>\n<footer class=\"art-footer\">\n<div class=\"art-content-layout\"><\/div>\n<\/footer>\n","protected":false},"excerpt":{"rendered":"<p>En los lugares de trabajo podemos encontrar determinados agentes f\u00edsicos que pueden provocar da\u00f1os en el trabajador. Los m\u00e1s importantes, son: Tipo de riesgo Descripci\u00f3n ruido Causa no s\u00f3lo problemas f\u00edsicos (hipoacusia y sordera profesional), sino tambi\u00e9n otros trastornos como &hellip; <a href=\"https:\/\/fol20.robertoquiros.es\/?page_id=92\">Sigue leyendo <span class=\"meta-nav\">&rarr;<\/span><\/a><\/p>\n","protected":false},"author":1,"featured_media":0,"parent":19,"menu_order":7,"comment_status":"closed","ping_status":"open","template":"","meta":{"footnotes":""},"class_list":["post-92","page","type-page","status-publish","hentry"],"_links":{"self":[{"href":"https:\/\/fol20.robertoquiros.es\/index.php?rest_route=\/wp\/v2\/pages\/92","targetHints":{"allow":["GET"]}}],"collection":[{"href":"https:\/\/fol20.robertoquiros.es\/index.php?rest_route=\/wp\/v2\/pages"}],"about":[{"href":"https:\/\/fol20.robertoquiros.es\/index.php?rest_route=\/wp\/v2\/types\/page"}],"author":[{"embeddable":true,"href":"https:\/\/fol20.robertoquiros.es\/index.php?rest_route=\/wp\/v2\/users\/1"}],"replies":[{"embeddable":true,"href":"https:\/\/fol20.robertoquiros.es\/index.php?rest_route=%2Fwp%2Fv2%2Fcomments&post=92"}],"version-history":[{"count":7,"href":"https:\/\/fol20.robertoquiros.es\/index.php?rest_route=\/wp\/v2\/pages\/92\/revisions"}],"predecessor-version":[{"id":1799,"href":"https:\/\/fol20.robertoquiros.es\/index.php?rest_route=\/wp\/v2\/pages\/92\/revisions\/1799"}],"up":[{"embeddable":true,"href":"https:\/\/fol20.robertoquiros.es\/index.php?rest_route=\/wp\/v2\/pages\/19"}],"wp:attachment":[{"href":"https:\/\/fol20.robertoquiros.es\/index.php?rest_route=%2Fwp%2Fv2%2Fmedia&parent=92"}],"curies":[{"name":"wp","href":"https:\/\/api.w.org\/{rel}","templated":true}]}}