{"id":56,"date":"2015-01-29T12:22:13","date_gmt":"2015-01-29T11:22:13","guid":{"rendered":"http:\/\/folnuevo.fol20.es\/?page_id=56"},"modified":"2023-08-09T12:47:32","modified_gmt":"2023-08-09T11:47:32","slug":"6-7-jubliacion","status":"publish","type":"page","link":"https:\/\/fol20.robertoquiros.es\/?page_id=56","title":{"rendered":"6.7 Jubilaci\u00f3n"},"content":{"rendered":"<div class=\"art-layout-wrapper\">\n<div class=\"art-content-layout\">\n<div class=\"art-content-layout-row\">\n<div class=\"art-layout-cell art-content\">\n<div class=\"item-page\">\n<article class=\"art-post\">\n<div class=\"art-postcontent clearfix\">\n<div class=\"art-article\">\n<p><a href=\"http:\/\/fol20.robertoquiros.es\/wp-content\/uploads\/2015\/02\/jubilacion.jpg\"><img loading=\"lazy\" decoding=\"async\" class=\" size-full wp-image-425 aligncenter\" src=\"http:\/\/fol20.robertoquiros.es\/wp-content\/uploads\/2015\/02\/jubilacion.jpg\" alt=\"jubilacion\" width=\"306\" height=\"268\" srcset=\"https:\/\/fol20.robertoquiros.es\/wp-content\/uploads\/2015\/02\/jubilacion.jpg 306w, https:\/\/fol20.robertoquiros.es\/wp-content\/uploads\/2015\/02\/jubilacion-300x263.jpg 300w\" sizes=\"auto, (max-width: 306px) 100vw, 306px\" \/><\/a><\/p>\n<p><span style=\"font-size: 18pt;\"><strong>Edad de jubilaci\u00f3n<\/strong><\/span><\/p>\n<p class=\"irdivjust\">A partir de 1-1-2013, la edad de acceso a la pensi\u00f3n de jubilaci\u00f3n depende de la edad del interesado y de las cotizaciones acumuladas a lo largo de su vida laboral, requiriendo\u00a0haber cumplido\u00a0la edad de:<\/p>\n<ul class=\"irdivjust\">\n<li>67 a\u00f1os o<\/li>\n<li>65 a\u00f1os cuando se acrediten 38 a\u00f1os y 6 meses de cotizaci\u00f3n.<\/li>\n<\/ul>\n<p class=\"irdivjust\">Este requisito ser\u00e1 exigible, en todo caso, cuando se acceda a la pensi\u00f3n sin estar en alta o en situaci\u00f3n asimilada a la de alta.<\/p>\n<p>Las edades de jubilaci\u00f3n y el per\u00edodo de cotizaci\u00f3n a que se refieren los p\u00e1rrafos anteriores, se aplicar\u00e1n de forma gradual, en los t\u00e9rminos que resultan del siguiente cuadro:<\/p>\n<table class=\"irtabladatos75\" style=\"width: 100%; height: 738px;\" border=\"2\" summary=\"Edades de Jubilaci\u00f3n\">\n<tbody>\n<tr style=\"height: 18px;\">\n<th id=\"header1\" style=\"height: 18px;\">A\u00f1o<\/th>\n<th id=\"header5\" style=\"height: 18px;\">Per\u00edodos cotizados<\/th>\n<th id=\"header6\" style=\"height: 18px;\">Edad exigida<\/th>\n<\/tr>\n<tr style=\"height: 24px;\">\n<td id=\"header2\" style=\"height: 48px;\" rowspan=\"2\"><strong>2023<\/strong><\/td>\n<td style=\"height: 24px;\" headers=\"header5 header7\">37 a\u00f1os y\u00a09 meses o m\u00e1s<\/td>\n<td style=\"height: 24px;\" headers=\"header5 header8\">65 a\u00f1os<\/td>\n<\/tr>\n<tr style=\"height: 24px;\">\n<td id=\"header4\" style=\"height: 24px;\">Menos de 37 a\u00f1os y\u00a09 meses<\/td>\n<td style=\"height: 24px;\" headers=\"header5 header7\">66 a\u00f1os y\u00a04 meses<\/td>\n<\/tr>\n<tr style=\"height: 24px;\">\n<td id=\"header2\" style=\"height: 48px;\" rowspan=\"2\"><strong>2024<\/strong><\/td>\n<td style=\"height: 24px;\" headers=\"header5 header7\">38 o m\u00e1s a\u00f1os<\/td>\n<td style=\"height: 24px;\" headers=\"header5 header8\">65 a\u00f1os<\/td>\n<\/tr>\n<tr style=\"height: 24px;\">\n<td id=\"header4\" style=\"height: 24px;\">Menos de 38 a\u00f1os<\/td>\n<td style=\"height: 24px;\" headers=\"header5 header7\">66 a\u00f1os y\u00a06 meses<\/td>\n<\/tr>\n<tr style=\"height: 24px;\">\n<td id=\"header2\" style=\"height: 48px;\" rowspan=\"2\"><strong>2025<\/strong><\/td>\n<td style=\"height: 24px;\" headers=\"header5 header7\">38 a\u00f1os y 3 meses o m\u00e1s<\/td>\n<td style=\"height: 24px;\" headers=\"header5 header8\">65 a\u00f1os<\/td>\n<\/tr>\n<tr style=\"height: 24px;\">\n<td id=\"header4\" style=\"height: 24px;\">Menos de 38 a\u00f1os y 3 meses<\/td>\n<td style=\"height: 24px;\" headers=\"header5 header7\">66 a\u00f1os y\u00a08 meses<\/td>\n<\/tr>\n<tr style=\"height: 24px;\">\n<td id=\"header2\" style=\"height: 48px;\" rowspan=\"2\"><strong>2026<\/strong><\/td>\n<td style=\"height: 24px;\" headers=\"header5 header7\">38 a\u00f1os y 3 meses o m\u00e1s<\/td>\n<td style=\"height: 24px;\" headers=\"header5 header8\">65 a\u00f1os<\/td>\n<\/tr>\n<tr style=\"height: 24px;\">\n<td id=\"header4\" style=\"height: 24px;\">Menos de 38 a\u00f1os y 3 meses<\/td>\n<td style=\"height: 24px;\" headers=\"header5 header7\">66 a\u00f1os y\u00a010 meses<\/td>\n<\/tr>\n<tr style=\"height: 24px;\">\n<td id=\"header2\" style=\"height: 48px;\" rowspan=\"2\"><strong>A partir de 2027<\/strong><\/td>\n<td style=\"height: 24px;\" headers=\"header5 header7\">38 a\u00f1os y\u00a06 meses o m\u00e1s<\/td>\n<td style=\"height: 24px;\" headers=\"header5 header8\">65 a\u00f1os<\/td>\n<\/tr>\n<tr style=\"height: 24px;\">\n<td id=\"header4\" style=\"height: 24px;\">Menos de 38 a\u00f1os y\u00a06 meses<\/td>\n<td style=\"height: 24px;\" headers=\"header5 header7\">67 a\u00f1os<\/td>\n<\/tr>\n<\/tbody>\n<\/table>\n<p><strong><span style=\"font-size: 18pt;\">Base reguladora<\/span><\/strong><\/p>\n<table class=\"irtabladatos80\" summary=\"Tabla que incluye la base reguladora de la jubilaci\u00f3n ordinaria\">\n<tbody>\n<tr>\n<th id=\"header18\">A\u00f1o<\/th>\n<th id=\"header28\"><span class=\"irabbr\" title=\"N\u00famero\"><abbr lang=\"es\" title=\"N\u00famero\">N\u00ba.<\/abbr><\/span> meses computables\/Divisor<\/th>\n<th id=\"header38\">A\u00f1os computables<\/th>\n<\/tr>\n<tr>\n<td headers=\"header18\">2022<\/td>\n<td headers=\"header28\">300 \/ 350<\/td>\n<td headers=\"header38\">25<\/td>\n<\/tr>\n<\/tbody>\n<\/table>\n<p><strong><span style=\"font-size: 18pt;\">Porcentajes<\/span><\/strong><\/p>\n<table class=\"irtabladatos\" style=\"border-color: #030202; background-color: #edebeb; width: 126.542%;\" summary=\"Porcentaje de a\u00f1os cotizados para jubilaci\u00f3n\">\n<tbody>\n<tr>\n<th id=\"header1\" style=\"border-color: #050505;\" rowspan=\"2\">PERIODO<br \/>\nDE<br \/>\nAPLICACI\u00d3N<\/th>\n<th id=\"header1\" colspan=\"2\">PRIMEROS<br \/>\n15 A\u00d1OS<\/th>\n<th id=\"header2\" colspan=\"4\">A\u00d1OS ADICIONALES<\/th>\n<th id=\"header4\" colspan=\"2\">TOTAL<\/th>\n<\/tr>\n<tr>\n<th id=\"header5\">A\u00f1os<\/th>\n<th id=\"header6\">%<\/th>\n<th id=\"header7\">MESES<br \/>\nADICIONALES<\/th>\n<th id=\"header8\">COEFICIENTE<\/th>\n<th id=\"header9\">\u00a0 \u00a0%<\/th>\n<th id=\"header10\">A\u00d1OS<\/th>\n<th id=\"header11\">A\u00d1OS<\/th>\n<th id=\"header12\">\u00a0 %<\/th>\n<\/tr>\n<tr>\n<td rowspan=\"2\" headers=\"header1\"><strong>2023 a 2026<\/strong><\/td>\n<td headers=\"header1\">15<\/td>\n<td headers=\"header2\">50<\/td>\n<td headers=\"header3\">1 al 49<br \/>\n209 restantes<\/td>\n<td headers=\"header4 header5\">0,21<br \/>\n0,19<\/td>\n<td headers=\"header4 header6\">10,29<br \/>\n39,71<\/td>\n<td headers=\"header4 header7\"><\/td>\n<td headers=\"header4 header8\"><\/td>\n<td headers=\"header4 header9\"><\/td>\n<\/tr>\n<tr>\n<td headers=\"header1\">15<\/td>\n<td headers=\"header2\">50<\/td>\n<td headers=\"header3\"><strong>Total 258 meses<\/strong><\/td>\n<td headers=\"header4 header5\"><\/td>\n<td headers=\"header4 header6\"><strong>50,00<\/strong><\/td>\n<td headers=\"header4 header7\"><strong>21,5<\/strong><\/td>\n<td headers=\"header4 header8\"><strong>36,5<\/strong><\/td>\n<td headers=\"header4 header9\"><strong>100<\/strong><\/td>\n<\/tr>\n<tr>\n<td rowspan=\"2\" headers=\"header1\"><strong>A partir de 2027<\/strong><\/td>\n<td headers=\"header1\">15<\/td>\n<td headers=\"header2\">50<\/td>\n<td headers=\"header3\">1 al 248<br \/>\n16 restantes<\/td>\n<td headers=\"header4 header5\">0,19<br \/>\n0,18<\/td>\n<td headers=\"header4 header6\">47,12<br \/>\n2,88<\/td>\n<td headers=\"header4 header7\"><\/td>\n<td headers=\"header4 header8\"><\/td>\n<td headers=\"header4 header9\"><\/td>\n<\/tr>\n<tr>\n<td headers=\"header1\">15<\/td>\n<td headers=\"header2\">50<\/td>\n<td headers=\"header3\"><strong>Total 264 meses<\/strong><\/td>\n<td headers=\"header4 header5\"><\/td>\n<td headers=\"header4 header6\"><strong>50,00<\/strong><\/td>\n<td headers=\"header4 header7\"><strong>22<\/strong><\/td>\n<td headers=\"header4 header8\"><strong>37<\/strong><\/td>\n<td headers=\"header4 header9\"><strong>100<\/strong><\/td>\n<\/tr>\n<\/tbody>\n<\/table>\n<p><a href=\"https:\/\/www.generali.es\/ase3k\/dsi_asesorVidaFormWeb\/generali_asesorvida\/index.html\" target=\"_blank\" rel=\"noopener noreferrer\">Otra aplicaci\u00f3n para calcular prestaciones<\/a><a href=\"http:\/\/fol20.robertoquiros.es\/wp-content\/uploads\/2015\/02\/icono-mozilla2.png\"><img loading=\"lazy\" decoding=\"async\" class=\"alignnone wp-image-629\" src=\"http:\/\/fol20.robertoquiros.es\/wp-content\/uploads\/2015\/02\/icono-mozilla2.png\" alt=\"icono mozilla2\" width=\"36\" height=\"36\" \/><\/a><\/p>\n<\/div>\n<\/div>\n<\/article>\n<\/div>\n<\/div>\n<\/div>\n<\/div>\n<\/div>\n<footer class=\"art-footer\">\n<div class=\"art-content-layout\"><\/div>\n<\/footer>\n","protected":false},"excerpt":{"rendered":"<p>Edad de jubilaci\u00f3n A partir de 1-1-2013, la edad de acceso a la pensi\u00f3n de jubilaci\u00f3n depende de la edad del interesado y de las cotizaciones acumuladas a lo largo de su vida laboral, requiriendo\u00a0haber cumplido\u00a0la edad de: 67 a\u00f1os &hellip; <a href=\"https:\/\/fol20.robertoquiros.es\/?page_id=56\">Sigue leyendo <span class=\"meta-nav\">&rarr;<\/span><\/a><\/p>\n","protected":false},"author":1,"featured_media":0,"parent":15,"menu_order":7,"comment_status":"closed","ping_status":"open","template":"","meta":{"footnotes":""},"class_list":["post-56","page","type-page","status-publish","hentry"],"_links":{"self":[{"href":"https:\/\/fol20.robertoquiros.es\/index.php?rest_route=\/wp\/v2\/pages\/56","targetHints":{"allow":["GET"]}}],"collection":[{"href":"https:\/\/fol20.robertoquiros.es\/index.php?rest_route=\/wp\/v2\/pages"}],"about":[{"href":"https:\/\/fol20.robertoquiros.es\/index.php?rest_route=\/wp\/v2\/types\/page"}],"author":[{"embeddable":true,"href":"https:\/\/fol20.robertoquiros.es\/index.php?rest_route=\/wp\/v2\/users\/1"}],"replies":[{"embeddable":true,"href":"https:\/\/fol20.robertoquiros.es\/index.php?rest_route=%2Fwp%2Fv2%2Fcomments&post=56"}],"version-history":[{"count":13,"href":"https:\/\/fol20.robertoquiros.es\/index.php?rest_route=\/wp\/v2\/pages\/56\/revisions"}],"predecessor-version":[{"id":1804,"href":"https:\/\/fol20.robertoquiros.es\/index.php?rest_route=\/wp\/v2\/pages\/56\/revisions\/1804"}],"up":[{"embeddable":true,"href":"https:\/\/fol20.robertoquiros.es\/index.php?rest_route=\/wp\/v2\/pages\/15"}],"wp:attachment":[{"href":"https:\/\/fol20.robertoquiros.es\/index.php?rest_route=%2Fwp%2Fv2%2Fmedia&parent=56"}],"curies":[{"name":"wp","href":"https:\/\/api.w.org\/{rel}","templated":true}]}}