{"id":276,"date":"2015-01-29T21:52:29","date_gmt":"2015-01-29T20:52:29","guid":{"rendered":"http:\/\/folnuevo.fol20.es\/?page_id=276"},"modified":"2020-03-18T15:42:42","modified_gmt":"2020-03-18T14:42:42","slug":"5-7-casos-despidos","status":"publish","type":"page","link":"https:\/\/fol20.robertoquiros.es\/?page_id=276","title":{"rendered":"5.7 Casos despidos"},"content":{"rendered":"<div class=\"art-layout-wrapper\">\n<div class=\"art-content-layout\">\n<div class=\"art-content-layout-row\">\n<div class=\"art-layout-cell art-content\">\n<div class=\"item-page\">\n<article class=\"art-post\"><a href=\"http:\/\/fol20.robertoquiros.es\/wp-content\/uploads\/2015\/02\/conflicto.jpg\"><img loading=\"lazy\" decoding=\"async\" class=\"wp-image-364 size-full alignright\" src=\"http:\/\/fol20.robertoquiros.es\/wp-content\/uploads\/2015\/02\/conflicto.jpg\" alt=\"conflicto\" width=\"185\" height=\"278\" \/><\/a><\/p>\n<div class=\"art-postcontent clearfix\">\n<div class=\"art-article\">\n<p>Tienes una explicaci\u00f3n global del c\u00e1lculo de despidos y finiquitos en el <a title=\"5.9 Casos finiquitos\" href=\"http:\/\/fol20.robertoquiros.es\/?page_id=282\" target=\"_blank\" rel=\"noopener noreferrer\">punto 5.9<\/a><\/p>\n<\/div>\n<div class=\"art-article\">\n<p><a href=\"http:\/\/fol20.robertoquiros.es\/wp-content\/uploads\/2015\/02\/liquidacion_e_indemnizacion_condi_mensuales_causas_objetivas.xls\">liquidacion_e_indemnizacion_condi_mensuales_causas_objetivas<\/a><a href=\"http:\/\/fol20.robertoquiros.es\/wp-content\/uploads\/2015\/02\/icono-excel.png\"><img loading=\"lazy\" decoding=\"async\" class=\"alignnone wp-image-626\" src=\"http:\/\/fol20.robertoquiros.es\/wp-content\/uploads\/2015\/02\/icono-excel.png\" alt=\"icono excel\" width=\"26\" height=\"35\" \/><\/a><\/p>\n<p><strong>Despido improcedente <\/strong><\/p>\n<p>Caso practico resuelto de despido improcedente <a href=\"http:\/\/fol20.robertoquiros.es\/wp-content\/uploads\/2015\/02\/liquidacion_e_indemnizacion_condi_mensuales_improcedente.xls\">liquidacion_e_indemnizacion_condi_mensuales_improcedente<\/a><a href=\"http:\/\/fol20.robertoquiros.es\/wp-content\/uploads\/2015\/02\/icono-excel.png\"><img loading=\"lazy\" decoding=\"async\" class=\"alignnone wp-image-626\" src=\"http:\/\/fol20.robertoquiros.es\/wp-content\/uploads\/2015\/02\/icono-excel.png\" alt=\"icono excel\" width=\"26\" height=\"35\" \/><\/a><\/p>\n<p><strong>Calculo de indemnizaci\u00f3n en una extinci\u00f3n de contrato de obra o servicio <\/strong><\/p>\n<p><a href=\"http:\/\/fol20.robertoquiros.es\/wp-content\/uploads\/2015\/02\/liquidacion_e_indemnizacion_condi_mensuales_obra_o_servicio.xls\">liquidacion_e_indemnizacion_condi_mensuales_obra_o_servicio<\/a><a href=\"http:\/\/fol20.robertoquiros.es\/wp-content\/uploads\/2015\/02\/icono-excel.png\"><img loading=\"lazy\" decoding=\"async\" class=\"alignnone wp-image-626\" src=\"http:\/\/fol20.robertoquiros.es\/wp-content\/uploads\/2015\/02\/icono-excel.png\" alt=\"icono excel\" width=\"26\" height=\"35\" \/><\/a><\/p>\n<p><strong>Breve descripci\u00f3n del proceso judicial de impugnaci\u00f3n de una extinci\u00f3n o despido <\/strong><br \/>\n<iframe loading=\"lazy\" style=\"border: 1px solid #CCC; border-width: 1px; margin-bottom: 5px; max-width: 100%;\" src=\"\/\/www.slideshare.net\/slideshow\/embed_code\/key\/hp8NSXFa384IFh\" width=\"595\" height=\"485\" frameborder=\"0\" marginwidth=\"0\" marginheight=\"0\" scrolling=\"no\" allowfullscreen=\"allowfullscreen\"> <\/iframe><\/p>\n<div style=\"margin-bottom: 5px;\"><\/div>\n<p><strong>Casos pr\u00e1cticos para resolver <\/strong><\/p>\n<p>Pasa al <a title=\"5.9 Casos finiquitos\" href=\"http:\/\/fol20.robertoquiros.es\/?page_id=282\" target=\"_blank\" rel=\"noopener noreferrer\">punto 5.9<\/a> donde abordamos, de manera conjunta, despidos y finiquitos<\/p>\n<\/div>\n<\/div>\n<\/article>\n<\/div>\n<\/div>\n<\/div>\n<\/div>\n<\/div>\n","protected":false},"excerpt":{"rendered":"<p>Tienes una explicaci\u00f3n global del c\u00e1lculo de despidos y finiquitos en el punto 5.9 liquidacion_e_indemnizacion_condi_mensuales_causas_objetivas Despido improcedente Caso practico resuelto de despido improcedente liquidacion_e_indemnizacion_condi_mensuales_improcedente Calculo de indemnizaci\u00f3n en una extinci\u00f3n de contrato de obra o servicio liquidacion_e_indemnizacion_condi_mensuales_obra_o_servicio Breve descripci\u00f3n del &hellip; <a href=\"https:\/\/fol20.robertoquiros.es\/?page_id=276\">Sigue leyendo <span class=\"meta-nav\">&rarr;<\/span><\/a><\/p>\n","protected":false},"author":1,"featured_media":0,"parent":13,"menu_order":7,"comment_status":"closed","ping_status":"open","template":"","meta":{"footnotes":""},"class_list":["post-276","page","type-page","status-publish","hentry"],"_links":{"self":[{"href":"https:\/\/fol20.robertoquiros.es\/index.php?rest_route=\/wp\/v2\/pages\/276","targetHints":{"allow":["GET"]}}],"collection":[{"href":"https:\/\/fol20.robertoquiros.es\/index.php?rest_route=\/wp\/v2\/pages"}],"about":[{"href":"https:\/\/fol20.robertoquiros.es\/index.php?rest_route=\/wp\/v2\/types\/page"}],"author":[{"embeddable":true,"href":"https:\/\/fol20.robertoquiros.es\/index.php?rest_route=\/wp\/v2\/users\/1"}],"replies":[{"embeddable":true,"href":"https:\/\/fol20.robertoquiros.es\/index.php?rest_route=%2Fwp%2Fv2%2Fcomments&post=276"}],"version-history":[{"count":10,"href":"https:\/\/fol20.robertoquiros.es\/index.php?rest_route=\/wp\/v2\/pages\/276\/revisions"}],"predecessor-version":[{"id":1511,"href":"https:\/\/fol20.robertoquiros.es\/index.php?rest_route=\/wp\/v2\/pages\/276\/revisions\/1511"}],"up":[{"embeddable":true,"href":"https:\/\/fol20.robertoquiros.es\/index.php?rest_route=\/wp\/v2\/pages\/13"}],"wp:attachment":[{"href":"https:\/\/fol20.robertoquiros.es\/index.php?rest_route=%2Fwp%2Fv2%2Fmedia&parent=276"}],"curies":[{"name":"wp","href":"https:\/\/api.w.org\/{rel}","templated":true}]}}