{"id":265,"date":"2015-01-29T21:32:31","date_gmt":"2015-01-29T20:32:31","guid":{"rendered":"http:\/\/folnuevo.fol20.es\/?page_id=265"},"modified":"2020-03-18T15:36:38","modified_gmt":"2020-03-18T14:36:38","slug":"5-2-movilidad-geografica","status":"publish","type":"page","link":"https:\/\/fol20.robertoquiros.es\/?page_id=265","title":{"rendered":"5.2 Movilidad geogr\u00e1fica"},"content":{"rendered":"<div class=\"art-layout-wrapper\">\n<div class=\"art-content-layout\">\n<div class=\"art-content-layout-row\">\n<div class=\"art-layout-cell art-content\">\n<div class=\"item-page\">\n<article class=\"art-post\">\n<div class=\"art-postcontent clearfix\">\n<div>\n<p align=\"JUSTIFY\">Se trata del cambio de lugar de trabajo, dentro de la misma empresa, que supone al trabajador la necesidad de cambiar de residencia. El cambio tiene que responder<span style=\"color: #000000;\"> a alguna causa justificada y no aplicarse de manera arbitraria o como castigo para el trabajador. <\/span><\/p>\n<p align=\"JUSTIFY\"><span style=\"color: #000000;\"> Hay dos casos:<\/span><\/p>\n<table border=\"1\" width=\"761\" cellspacing=\"0\" cellpadding=\"9\">\n<colgroup>\n<col width=\"155\" \/>\n<col width=\"568\" \/> <\/colgroup>\n<tbody>\n<tr valign=\"TOP\">\n<td bgcolor=\"#191919\" width=\"155\">\n<p align=\"CENTER\"><span style=\"color: #ffffff;\"><span style=\"font-size: large;\"><b>Tipo<\/b><\/span><\/span><\/p>\n<\/td>\n<td bgcolor=\"#191919\" width=\"568\">\n<p align=\"CENTER\"><span style=\"color: #ffffff;\"><span style=\"font-size: large;\"><b>Significado<\/b><\/span><\/span><\/p>\n<\/td>\n<\/tr>\n<tr valign=\"TOP\">\n<td width=\"155\">\n<p align=\"CENTER\"><b>Desplazamiento<\/b><\/p>\n<\/td>\n<td width=\"568\">\n<p align=\"JUSTIFY\">Cuando el cambio de lugar de trabajo es temporal, no pudiendo superar los 12 meses dentro de un per\u00edodo de 3 a\u00f1os.<\/p>\n<p align=\"JUSTIFY\">El trabajador debe ser preavisado con una antelaci\u00f3n suficiente, no inferior a 5 d\u00edas laborables para desplazamientos superiores a 3 meses.<\/p>\n<p align=\"JUSTIFY\">Si el trabajador acepta, tendr\u00e1 derecho a cobrar dietas y gastos de viaje y a un permiso retribuido de 4 d\u00edas laborables (sin contar lo que dure el viaje) en su domicilio de origen, por cada 3 meses de desplazamiento. Los gastos de viaje de este permiso retribuido deber\u00e1 pagarlos el empresario.<\/p>\n<p align=\"JUSTIFY\">Si el trabajador no est\u00e1 de acuerdo con el desplazamiento podr\u00eda recurrir ante el Juzgado de lo Social, pero mientras se dicte sentencia, deber\u00e1 acatarlo y realizar el desplazamiento.<\/p>\n<\/td>\n<\/tr>\n<tr valign=\"TOP\">\n<td width=\"155\">\n<p align=\"CENTER\"><b>Traslado<\/b><\/p>\n<\/td>\n<td width=\"568\">\n<p align=\"JUSTIFY\">Cuando el cambio de lugar de trabajo es definitivo. En este caso el trabajador debe ser preavisado con al menos 30 d\u00edas de antelaci\u00f3n.<\/p>\n<p align=\"JUSTIFY\">Ante un traslado, el trabajador tiene varias alternativas:<\/p>\n<p align=\"JUSTIFY\">&#8211; aceptarlo y recibir una compensaci\u00f3n por los gastos del traslado.<\/p>\n<p align=\"JUSTIFY\">&#8211; trasladarse y recurrir al Juzgado de lo Social.<\/p>\n<p align=\"JUSTIFY\">&#8211; extinguir el contrato con una indemnizaci\u00f3n de 20 d\u00edas de salario por a\u00f1o trabajado, hasta un m\u00e1ximo de 12 mensualidades, pasando a la situaci\u00f3n legal de desempleo y pudiendo cobrar la prestaci\u00f3n de desempleo si cumple los requisitos necesarios.<\/p>\n<p align=\"JUSTIFY\"><span style=\"color: #000000;\">El traslado<\/span><b> <\/b><span style=\"color: #000000;\">podr\u00e1 tener car\u00e1cter colectivo, es decir, afectar a varios trabajadores, en cuyo caso tendr\u00e1 las mismas limitaciones que tienen las modificaciones sustanciales de las condiciones de trabajo colectivas.<\/span><\/p>\n<\/td>\n<\/tr>\n<\/tbody>\n<\/table>\n<\/div>\n<div class=\"art-article\"><iframe loading=\"lazy\" src=\"http:\/\/www.slideshare.net\/slideshow\/embed_code\/42714237\" width=\"595\" height=\"485\" frameborder=\"0\" marginwidth=\"0\" marginheight=\"0\" scrolling=\"no\" allowfullscreen=\"allowfullscreen\"><\/iframe><\/p>\n<div><\/div>\n<p><iframe loading=\"lazy\" src=\"http:\/\/www.slideshare.net\/slideshow\/embed_code\/42600482\" width=\"595\" height=\"485\" frameborder=\"0\" marginwidth=\"0\" marginheight=\"0\" scrolling=\"no\" allowfullscreen=\"allowfullscreen\"><\/iframe><\/p>\n<p>Medidas adicionales de protecci\u00f3n Art.40 E.T.<\/p>\n<p><strong>Medidas adicionales de protecci\u00f3n de los c\u00f3nyuges, victimas de violencia de genero y discapacitados en los traslados.<\/strong><\/p>\n<p><strong>C\u00f3nyuges<\/strong><\/p>\n<p>Si por traslado uno de los c\u00f3nyuges cambia de residencia, el otro, si fuera trabajador de la misma empresa, tendr\u00e1 derecho al traslado a la misma localidad, si hubiera puesto de trabajo.<\/p>\n<p><strong>Victimas de violencia de g\u00e9nero <\/strong><\/p>\n<p>La trabajadora v\u00edctima de violencia de g\u00e9nero que se vea obligada a abandonar el puesto de trabajo en la localidad donde ven\u00eda prestando sus servicios, para hacer efectiva su protecci\u00f3n o su derecho a la asistencia social integral, tendr\u00e1 derecho preferente a ocupar otro puesto de trabajo, del mismo grupo profesional o categor\u00eda equivalente, que la empresa tenga vacante en cualquier otro de sus centros de trabajo. En tales supuestos, la empresa estar\u00e1 obligada a comunicar a la trabajadora las vacantes existentes en dicho momento o las que se pudieran producir en el futuro.<\/p>\n<p>El traslado o el cambio de centro de trabajo tendr\u00e1n una duraci\u00f3n inicial de seis meses, durante los cuales la empresa tendr\u00e1 la obligaci\u00f3n de reservar el puesto de trabajo que anteriormente ocupaba la trabajadora.<\/p>\n<p>Terminado este per\u00edodo, la trabajadora podr\u00e1 optar entre el regreso a su puesto de trabajo anterior o la continuidad en el nuevo. En este \u00faltimo caso, decaer\u00e1 la mencionada obligaci\u00f3n de reserva.<\/p>\n<p><strong>Discapacitados y otros colectivos <\/strong><\/p>\n<p>Mediante convenio colectivo o acuerdo alcanzado durante el periodo de consultas se podr\u00e1n establecer prioridades de permanencia a favor de trabajadores de otros colectivos, tales como trabajadores con cargas familiares, mayores de determinada edad o personas con discapacidad.<\/p>\n<\/div>\n<\/div>\n<\/article>\n<\/div>\n<\/div>\n<\/div>\n<\/div>\n<\/div>\n<footer class=\"art-footer\">\n<div class=\"art-content-layout\"><\/div>\n<\/footer>\n","protected":false},"excerpt":{"rendered":"<p>Se trata del cambio de lugar de trabajo, dentro de la misma empresa, que supone al trabajador la necesidad de cambiar de residencia. El cambio tiene que responder a alguna causa justificada y no aplicarse de manera arbitraria o como &hellip; <a href=\"https:\/\/fol20.robertoquiros.es\/?page_id=265\">Sigue leyendo <span class=\"meta-nav\">&rarr;<\/span><\/a><\/p>\n","protected":false},"author":1,"featured_media":0,"parent":13,"menu_order":2,"comment_status":"closed","ping_status":"open","template":"","meta":{"footnotes":""},"class_list":["post-265","page","type-page","status-publish","hentry"],"_links":{"self":[{"href":"https:\/\/fol20.robertoquiros.es\/index.php?rest_route=\/wp\/v2\/pages\/265","targetHints":{"allow":["GET"]}}],"collection":[{"href":"https:\/\/fol20.robertoquiros.es\/index.php?rest_route=\/wp\/v2\/pages"}],"about":[{"href":"https:\/\/fol20.robertoquiros.es\/index.php?rest_route=\/wp\/v2\/types\/page"}],"author":[{"embeddable":true,"href":"https:\/\/fol20.robertoquiros.es\/index.php?rest_route=\/wp\/v2\/users\/1"}],"replies":[{"embeddable":true,"href":"https:\/\/fol20.robertoquiros.es\/index.php?rest_route=%2Fwp%2Fv2%2Fcomments&post=265"}],"version-history":[{"count":3,"href":"https:\/\/fol20.robertoquiros.es\/index.php?rest_route=\/wp\/v2\/pages\/265\/revisions"}],"predecessor-version":[{"id":1506,"href":"https:\/\/fol20.robertoquiros.es\/index.php?rest_route=\/wp\/v2\/pages\/265\/revisions\/1506"}],"up":[{"embeddable":true,"href":"https:\/\/fol20.robertoquiros.es\/index.php?rest_route=\/wp\/v2\/pages\/13"}],"wp:attachment":[{"href":"https:\/\/fol20.robertoquiros.es\/index.php?rest_route=%2Fwp%2Fv2%2Fmedia&parent=265"}],"curies":[{"name":"wp","href":"https:\/\/api.w.org\/{rel}","templated":true}]}}