{"id":256,"date":"2015-01-29T21:22:44","date_gmt":"2015-01-29T20:22:44","guid":{"rendered":"http:\/\/folnuevo.fol20.es\/?page_id=256"},"modified":"2023-08-09T14:57:40","modified_gmt":"2023-08-09T13:57:40","slug":"4-5-tipos-de-cotizacion","status":"publish","type":"page","link":"https:\/\/fol20.robertoquiros.es\/?page_id=256","title":{"rendered":"4.5 Tipos de cotizaci\u00f3n"},"content":{"rendered":"\n<div class=\"art-layout-wrapper\">\n<div class=\"art-content-layout\">\n<div class=\"art-content-layout-row\">\n<div class=\"art-layout-cell art-content\">\n<div class=\"item-page\">\n<article class=\"art-post\">\n<div class=\"art-postcontent clearfix\">\n<div class=\"art-article\">\n<p align=\"JUSTIFY\">Para calcular las n\u00f3minas se utilizan, b\u00e1sicamente, las siguientes f\u00f3rmulas:<\/p>\n<table border=\"1\" width=\"742\" cellspacing=\"0\" cellpadding=\"9\"><colgroup> <col width=\"245\" \/> <col width=\"459\" \/> <\/colgroup>\n<tbody>\n<tr valign=\"TOP\">\n<td width=\"245\">\n<p align=\"CENTER\"><b>Base de contingencias comunes a condiciones mensuales<\/b><\/p>\n<\/td>\n<td width=\"459\">\n<p align=\"JUSTIFY\">(Devengos que cotizan a la Seguridad Social &#8211; Horas extras del mes) + Excesos sobre los l\u00edmites legales de los devengos que no cotizan a la Seguridad Social + (Suma de las pagas extras del a\u00f1o\/12)<\/p>\n<\/td>\n<\/tr>\n<tr valign=\"TOP\">\n<td width=\"245\">\n<p align=\"CENTER\"><b>Base de contingencias profesionales a condiciones mensuales<\/b><\/p>\n<\/td>\n<td width=\"459\">\n<p align=\"JUSTIFY\">Base de contingencias comunes a condiciones mensuales + Horas extras del mes.<\/p>\n<\/td>\n<\/tr>\n<tr valign=\"TOP\">\n<td width=\"245\">\n<p align=\"CENTER\"><b>Base de contingencias comunes a condiciones diarias<\/b><\/p>\n<\/td>\n<td width=\"459\">\n<p align=\"JUSTIFY\">[(Devengos que cotizan a la Seguridad Social diarios x n\u00ba de d\u00edas del mes) &#8211; Horas extras del mes] + Excesos sobre los l\u00edmites legales de los devengos que no cotizan a la Seguridad Social + [(Suma de las pagas extras del a\u00f1o\/365) x n\u00ba de d\u00edas del mes].<\/p>\n<\/td>\n<\/tr>\n<tr valign=\"TOP\">\n<td width=\"245\">\n<p align=\"CENTER\"><b>Base de contingencias profesionales a condiciones diarias<\/b><\/p>\n<\/td>\n<td width=\"459\">\n<p align=\"JUSTIFY\">Base de contingencias comunes a condiciones diarias + Horas extras del mes.<\/p>\n<\/td>\n<\/tr>\n<\/tbody>\n<\/table>\n<\/div>\n<div class=\"art-article\">\n<figure><a href=\"http:\/\/fol20.robertoquiros.es\/wp-content\/uploads\/2015\/02\/dinero2.jpg\"><img loading=\"lazy\" decoding=\"async\" class=\" size-full wp-image-371 alignright\" src=\"http:\/\/fol20.robertoquiros.es\/wp-content\/uploads\/2015\/02\/dinero2.jpg\" alt=\"dinero2\" width=\"206\" height=\"206\" srcset=\"https:\/\/fol20.robertoquiros.es\/wp-content\/uploads\/2015\/02\/dinero2.jpg 206w, https:\/\/fol20.robertoquiros.es\/wp-content\/uploads\/2015\/02\/dinero2-150x150.jpg 150w\" sizes=\"auto, (max-width: 206px) 100vw, 206px\" \/><\/a><\/figure>\n<p>\u00a0<\/p>\n<p><a href=\"https:\/\/fol20.robertoquiros.es\/wp-content\/uploads\/2023\/08\/4-5-Bases-y-tipos-cotizacion-SS.pdf\" target=\"_blank\" rel=\"noopener\">4-5_Tipos_de_cotizacion_y_bases_maximas<\/a><a href=\"http:\/\/fol20.robertoquiros.es\/wp-content\/uploads\/2015\/02\/icono-pdf.png\"><img loading=\"lazy\" decoding=\"async\" class=\"alignnone wp-image-630\" src=\"http:\/\/fol20.robertoquiros.es\/wp-content\/uploads\/2015\/02\/icono-pdf.png\" alt=\"icono pdf\" width=\"26\" height=\"38\" \/><\/a><\/p>\n<p><a href=\"http:\/\/fol20.robertoquiros.es\/wp-content\/uploads\/2019\/04\/TarifaprimasRDley28_2018.pdf\" target=\"_blank\" rel=\"noopener noreferrer\">Tipos_AT_y_EP<\/a><a href=\"http:\/\/fol20.robertoquiros.es\/wp-content\/uploads\/2015\/02\/icono-pdf.png\"><img loading=\"lazy\" decoding=\"async\" class=\"alignnone wp-image-630\" src=\"http:\/\/fol20.robertoquiros.es\/wp-content\/uploads\/2015\/02\/icono-pdf.png\" alt=\"icono pdf\" width=\"26\" height=\"38\" \/><\/a><\/p>\n<\/div>\n<\/div>\n<\/article>\n<\/div>\n<\/div>\n<\/div>\n<\/div>\n<\/div>\n\n\n\n<footer class=\"art-footer\">\n<div class=\"art-content-layout\">\u00a0<\/div>\n<\/footer>\n","protected":false},"excerpt":{"rendered":"<p>Para calcular las n\u00f3minas se utilizan, b\u00e1sicamente, las siguientes f\u00f3rmulas: Base de contingencias comunes a condiciones mensuales (Devengos que cotizan a la Seguridad Social &#8211; Horas extras del mes) + Excesos sobre los l\u00edmites legales de los devengos que no &hellip; <a href=\"https:\/\/fol20.robertoquiros.es\/?page_id=256\">Sigue leyendo <span class=\"meta-nav\">&rarr;<\/span><\/a><\/p>\n","protected":false},"author":1,"featured_media":0,"parent":11,"menu_order":5,"comment_status":"closed","ping_status":"open","template":"","meta":{"footnotes":""},"class_list":["post-256","page","type-page","status-publish","hentry"],"_links":{"self":[{"href":"https:\/\/fol20.robertoquiros.es\/index.php?rest_route=\/wp\/v2\/pages\/256","targetHints":{"allow":["GET"]}}],"collection":[{"href":"https:\/\/fol20.robertoquiros.es\/index.php?rest_route=\/wp\/v2\/pages"}],"about":[{"href":"https:\/\/fol20.robertoquiros.es\/index.php?rest_route=\/wp\/v2\/types\/page"}],"author":[{"embeddable":true,"href":"https:\/\/fol20.robertoquiros.es\/index.php?rest_route=\/wp\/v2\/users\/1"}],"replies":[{"embeddable":true,"href":"https:\/\/fol20.robertoquiros.es\/index.php?rest_route=%2Fwp%2Fv2%2Fcomments&post=256"}],"version-history":[{"count":12,"href":"https:\/\/fol20.robertoquiros.es\/index.php?rest_route=\/wp\/v2\/pages\/256\/revisions"}],"predecessor-version":[{"id":1810,"href":"https:\/\/fol20.robertoquiros.es\/index.php?rest_route=\/wp\/v2\/pages\/256\/revisions\/1810"}],"up":[{"embeddable":true,"href":"https:\/\/fol20.robertoquiros.es\/index.php?rest_route=\/wp\/v2\/pages\/11"}],"wp:attachment":[{"href":"https:\/\/fol20.robertoquiros.es\/index.php?rest_route=%2Fwp%2Fv2%2Fmedia&parent=256"}],"curies":[{"name":"wp","href":"https:\/\/api.w.org\/{rel}","templated":true}]}}