{"id":228,"date":"2015-01-29T19:09:28","date_gmt":"2015-01-29T18:09:28","guid":{"rendered":"http:\/\/folnuevo.fol20.es\/?page_id=228"},"modified":"2022-10-20T16:20:22","modified_gmt":"2022-10-20T15:20:22","slug":"2-10-contrato-relevo","status":"publish","type":"page","link":"https:\/\/fol20.robertoquiros.es\/?page_id=228","title":{"rendered":"2.8 Contrato relevo"},"content":{"rendered":"<div class=\"art-layout-wrapper\">\n<div class=\"art-content-layout\">\n<div class=\"art-content-layout-row\">\n<div class=\"art-layout-cell art-content\">\n<div class=\"item-page\">\n<article class=\"art-post\">\n<div class=\"art-postmetadataheader\">\n<p align=\"JUSTIFY\"><img loading=\"lazy\" decoding=\"async\" class=\"aligncenter size-full wp-image-1735\" src=\"https:\/\/fol20.robertoquiros.es\/wp-content\/uploads\/2022\/10\/relevo.jpg\" alt=\"\" width=\"620\" height=\"349\" srcset=\"https:\/\/fol20.robertoquiros.es\/wp-content\/uploads\/2022\/10\/relevo.jpg 620w, https:\/\/fol20.robertoquiros.es\/wp-content\/uploads\/2022\/10\/relevo-300x169.jpg 300w\" sizes=\"auto, (max-width: 620px) 100vw, 620px\" \/><\/p>\n<p align=\"JUSTIFY\">Este contrato se realiza a un trabajador desempleado (relevista), simultaneando el mismo con la jubilaci\u00f3n parcial anticipada de un trabajador <strong>mayor de 63 a\u00f1os, con al menos 36,5 a\u00f1os cotizados, o mayor de 65 a\u00f1os con al menos 33 a\u00f1os cotizados<\/strong>, con contrato a jornada completa y al menos 6 a\u00f1os de antig\u00fcedad en la empresa (relevado), al que se le reduce su jornada de trabajo entre un 25 % y un 50 % (75% cuando el contrato de relevo sea indefinido y a tiempo completo).<\/p>\n<p align=\"JUSTIFY\">El contrato de relevo podr\u00e1 ser a jornada completa o a tiempo parcial y adem\u00e1s podr\u00e1 ser indefinido o temporal, siendo la jornada de trabajo, como m\u00ednimo, igual a la reducci\u00f3n de jornada acordada para el trabajador \u201crelevado\u201d. Si el contrato de relevo es temporal, durar\u00e1 hasta que el relevado se jubile de forma completa.<\/p>\n<\/div>\n<div><\/div>\n<div class=\"art-postcontent clearfix\">\n<div class=\"art-article\">\n<div><strong>\u00a0<\/strong><\/div>\n<\/div>\n<\/div>\n<\/article>\n<\/div>\n<\/div>\n<\/div>\n<\/div>\n<\/div>\n<footer class=\"art-footer\">\n<div class=\"art-content-layout\"><\/div>\n<\/footer>\n","protected":false},"excerpt":{"rendered":"<p>Este contrato se realiza a un trabajador desempleado (relevista), simultaneando el mismo con la jubilaci\u00f3n parcial anticipada de un trabajador mayor de 63 a\u00f1os, con al menos 36,5 a\u00f1os cotizados, o mayor de 65 a\u00f1os con al menos 33 a\u00f1os &hellip; <a href=\"https:\/\/fol20.robertoquiros.es\/?page_id=228\">Sigue leyendo <span class=\"meta-nav\">&rarr;<\/span><\/a><\/p>\n","protected":false},"author":1,"featured_media":0,"parent":7,"menu_order":10,"comment_status":"closed","ping_status":"open","template":"","meta":{"footnotes":""},"class_list":["post-228","page","type-page","status-publish","hentry"],"_links":{"self":[{"href":"https:\/\/fol20.robertoquiros.es\/index.php?rest_route=\/wp\/v2\/pages\/228","targetHints":{"allow":["GET"]}}],"collection":[{"href":"https:\/\/fol20.robertoquiros.es\/index.php?rest_route=\/wp\/v2\/pages"}],"about":[{"href":"https:\/\/fol20.robertoquiros.es\/index.php?rest_route=\/wp\/v2\/types\/page"}],"author":[{"embeddable":true,"href":"https:\/\/fol20.robertoquiros.es\/index.php?rest_route=\/wp\/v2\/users\/1"}],"replies":[{"embeddable":true,"href":"https:\/\/fol20.robertoquiros.es\/index.php?rest_route=%2Fwp%2Fv2%2Fcomments&post=228"}],"version-history":[{"count":10,"href":"https:\/\/fol20.robertoquiros.es\/index.php?rest_route=\/wp\/v2\/pages\/228\/revisions"}],"predecessor-version":[{"id":1738,"href":"https:\/\/fol20.robertoquiros.es\/index.php?rest_route=\/wp\/v2\/pages\/228\/revisions\/1738"}],"up":[{"embeddable":true,"href":"https:\/\/fol20.robertoquiros.es\/index.php?rest_route=\/wp\/v2\/pages\/7"}],"wp:attachment":[{"href":"https:\/\/fol20.robertoquiros.es\/index.php?rest_route=%2Fwp%2Fv2%2Fmedia&parent=228"}],"curies":[{"name":"wp","href":"https:\/\/api.w.org\/{rel}","templated":true}]}}