{"id":209,"date":"2015-01-29T18:47:36","date_gmt":"2015-01-29T17:47:36","guid":{"rendered":"http:\/\/folnuevo.fol20.es\/?page_id=209"},"modified":"2020-03-18T12:58:26","modified_gmt":"2020-03-18T11:58:26","slug":"1-8-principios","status":"publish","type":"page","link":"https:\/\/fol20.robertoquiros.es\/?page_id=209","title":{"rendered":"1.8 Principios"},"content":{"rendered":"<div class=\"art-layout-wrapper\">\n<div class=\"art-content-layout\">\n<div class=\"art-content-layout-row\">\n<div class=\"art-layout-cell art-content\">\n<div class=\"item-page\">\n<article class=\"art-post\">\n<div class=\"art-postcontent clearfix\">\n<div class=\"art-article\">\n<p align=\"JUSTIFY\">Cuando los Jueces y Tribunales, o incluso los propios trabajadores y empresarios, tienen que aplicar las distintas normas laborales, hay que tener en cuenta principios como:<\/p>\n<table border=\"1\" width=\"742\" cellspacing=\"0\" cellpadding=\"9\">\n<colgroup>\n<col width=\"200\" \/>\n<col width=\"504\" \/> <\/colgroup>\n<tbody>\n<tr valign=\"TOP\">\n<td bgcolor=\"#8c8c8c\" width=\"200\">\n<p align=\"CENTER\"><span style=\"color: #ffffff;\"><span style=\"font-size: large;\"><b>Principio<\/b><\/span><\/span><\/p>\n<\/td>\n<td bgcolor=\"#808080\" width=\"504\">\n<p align=\"CENTER\"><span style=\"color: #ffffff;\"><span style=\"font-size: large;\"><b>Significado<\/b><\/span><\/span><\/p>\n<\/td>\n<\/tr>\n<tr valign=\"TOP\">\n<td width=\"200\">\n<p align=\"CENTER\"><b>in dubio pro operario<\/b><\/p>\n<\/td>\n<td width=\"504\">\n<p align=\"JUSTIFY\">Cuando sean posibles distintas interpretaciones sobre una norma, se escoger\u00e1 aquella que m\u00e1s favorezca al trabajador<\/p>\n<\/td>\n<\/tr>\n<tr valign=\"TOP\">\n<td width=\"200\">\n<p align=\"CENTER\"><b>norma m\u00e1s favorable<\/b><\/p>\n<\/td>\n<td width=\"504\">\n<p align=\"JUSTIFY\">Cuando sean aplicables a un mismo caso distintas normas (incluso de distinto rango jer\u00e1rquico), se aplicar\u00e1 aquella que en su conjunto m\u00e1s favorezca al trabajador.<\/p>\n<\/td>\n<\/tr>\n<tr valign=\"TOP\">\n<td width=\"200\">\n<p align=\"CENTER\"><b>irrenunciabilidad de los derechos<\/b><\/p>\n<\/td>\n<td width=\"504\">\n<p align=\"JUSTIFY\">El trabajador no puede renunciar a los derechos que le reconocen las distintas normas, ni siquiera a cambio de dinero.<\/p>\n<\/td>\n<\/tr>\n<tr valign=\"TOP\">\n<td width=\"200\">\n<p align=\"CENTER\"><b>norma m\u00ednima<\/b><\/p>\n<\/td>\n<td width=\"504\">\n<p align=\"JUSTIFY\"><span style=\"color: #000000;\">Las normas jer\u00e1rquicamente superiores establecen las condiciones m\u00ednimas que deben disfrutar los trabajadores. Una norma inferior no puede empeorar estas condiciones, pero si mejorarlas. <\/span><\/p>\n<\/td>\n<\/tr>\n<\/tbody>\n<\/table>\n<p><strong>Presentaci\u00f3n<\/strong><\/p>\n<p><iframe loading=\"lazy\" src=\"http:\/\/www.slideshare.net\/slideshow\/embed_code\/16278360?rel=0\" width=\"597\" height=\"486\" marginwidth=\"0\" marginheight=\"0\" scrolling=\"no\" allowfullscreen=\"allowfullscreen\"><\/iframe><\/p>\n<div><\/div>\n<p><span style=\"font-size: 18pt;\"><strong>Ejemplos<\/strong><\/span><\/p>\n<p><a href=\"http:\/\/fol20.robertoquiros.es\/wp-content\/uploads\/2015\/02\/1-8_Ejemplos_Principios_D_Laboral.doc\">1-8_Ejemplos_Principios_D_Laboral<\/a><a href=\"http:\/\/fol20.robertoquiros.es\/wp-content\/uploads\/2015\/02\/icono-word.png\"><img loading=\"lazy\" decoding=\"async\" class=\"alignnone wp-image-632\" src=\"http:\/\/fol20.robertoquiros.es\/wp-content\/uploads\/2015\/02\/icono-word.png\" alt=\"icono word\" width=\"26\" height=\"35\" \/><\/a><\/p>\n<\/div>\n<\/div>\n<\/article>\n<\/div>\n<\/div>\n<\/div>\n<\/div>\n<\/div>\n","protected":false},"excerpt":{"rendered":"<p>Cuando los Jueces y Tribunales, o incluso los propios trabajadores y empresarios, tienen que aplicar las distintas normas laborales, hay que tener en cuenta principios como: Principio Significado in dubio pro operario Cuando sean posibles distintas interpretaciones sobre una norma, &hellip; <a href=\"https:\/\/fol20.robertoquiros.es\/?page_id=209\">Sigue leyendo <span class=\"meta-nav\">&rarr;<\/span><\/a><\/p>\n","protected":false},"author":1,"featured_media":0,"parent":4,"menu_order":8,"comment_status":"closed","ping_status":"open","template":"","meta":{"footnotes":""},"class_list":["post-209","page","type-page","status-publish","hentry"],"_links":{"self":[{"href":"https:\/\/fol20.robertoquiros.es\/index.php?rest_route=\/wp\/v2\/pages\/209","targetHints":{"allow":["GET"]}}],"collection":[{"href":"https:\/\/fol20.robertoquiros.es\/index.php?rest_route=\/wp\/v2\/pages"}],"about":[{"href":"https:\/\/fol20.robertoquiros.es\/index.php?rest_route=\/wp\/v2\/types\/page"}],"author":[{"embeddable":true,"href":"https:\/\/fol20.robertoquiros.es\/index.php?rest_route=\/wp\/v2\/users\/1"}],"replies":[{"embeddable":true,"href":"https:\/\/fol20.robertoquiros.es\/index.php?rest_route=%2Fwp%2Fv2%2Fcomments&post=209"}],"version-history":[{"count":8,"href":"https:\/\/fol20.robertoquiros.es\/index.php?rest_route=\/wp\/v2\/pages\/209\/revisions"}],"predecessor-version":[{"id":1471,"href":"https:\/\/fol20.robertoquiros.es\/index.php?rest_route=\/wp\/v2\/pages\/209\/revisions\/1471"}],"up":[{"embeddable":true,"href":"https:\/\/fol20.robertoquiros.es\/index.php?rest_route=\/wp\/v2\/pages\/4"}],"wp:attachment":[{"href":"https:\/\/fol20.robertoquiros.es\/index.php?rest_route=%2Fwp%2Fv2%2Fmedia&parent=209"}],"curies":[{"name":"wp","href":"https:\/\/api.w.org\/{rel}","templated":true}]}}