{"id":196,"date":"2015-01-29T18:33:26","date_gmt":"2015-01-29T17:33:26","guid":{"rendered":"http:\/\/folnuevo.fol20.es\/?page_id=196"},"modified":"2020-03-18T12:48:20","modified_gmt":"2020-03-18T11:48:20","slug":"1-2-derechos-y-deberes","status":"publish","type":"page","link":"https:\/\/fol20.robertoquiros.es\/?page_id=196","title":{"rendered":"1.2 Derechos y deberes"},"content":{"rendered":"\n<p class=\"has-text-align-left\">\nEn una relaci\u00f3n laboral, cualquier trabajador tiene unos derechos,\nalguno de los cuales tiene una protecci\u00f3n especial, al tener la\nconsideraci\u00f3n de \u201c<em>derechos fundamentales<\/em>\u201d. Estos derechos\naparecen recogidos en la <strong>Constituci\u00f3n Espa\u00f1ola<\/strong> y en el\n<strong>Estatuto de los Trabajadores<\/strong>. Pero al mismo tiempo, quien goza\nde unos derechos ha de cumplir con unos deberes u obligaciones.<\/p>\n\n\n\n<p>\nEn el \u00e1mbito laboral hay varios derechos\nfundamentales, como el \u201c<em>derecho a\nla libertad sindical<\/em>\u201d (crear\nsindicatos y afiliarse a ellos), el \u201c<em>derecho\na la huelga<\/em>\u201d o el \u201c<em>derecho\nde reuni\u00f3n<\/em>\u201d.<\/p>\n\n\n<div class=\"art-layout-wrapper\">\n<div class=\"art-content-layout\">\n<div class=\"art-content-layout-row\">\n<div class=\"art-layout-cell art-content\">\n<div class=\"item-page\">\n<article class=\"art-post\">\n<div class=\"art-postcontent clearfix\">\n<div class=\"art-article\">\n<p><iframe loading=\"lazy\" src=\"http:\/\/www.slideshare.net\/slideshow\/embed_code\/16278334\" width=\"597\" height=\"486\" frameborder=\"0\" marginwidth=\"0\" marginheight=\"0\" scrolling=\"no\" allowfullscreen=\"allowfullscreen\"> <\/iframe><\/p>\n<div>\u00a0<\/div>\n<\/div>\n<\/div>\n<\/article>\n<\/div>\n<\/div>\n<\/div>\n<\/div>\n<\/div>\n<footer class=\"art-footer\">\n<div class=\"art-content-layout\">\u00a0<\/div>\n<\/footer>\n\n","protected":false},"excerpt":{"rendered":"<p>En una relaci\u00f3n laboral, cualquier trabajador tiene unos derechos, alguno de los cuales tiene una protecci\u00f3n especial, al tener la consideraci\u00f3n de \u201cderechos fundamentales\u201d. Estos derechos aparecen recogidos en la Constituci\u00f3n Espa\u00f1ola y en el Estatuto de los Trabajadores. Pero &hellip; <a href=\"https:\/\/fol20.robertoquiros.es\/?page_id=196\">Sigue leyendo <span class=\"meta-nav\">&rarr;<\/span><\/a><\/p>\n","protected":false},"author":1,"featured_media":0,"parent":4,"menu_order":2,"comment_status":"closed","ping_status":"open","template":"","meta":{"footnotes":""},"class_list":["post-196","page","type-page","status-publish","hentry"],"_links":{"self":[{"href":"https:\/\/fol20.robertoquiros.es\/index.php?rest_route=\/wp\/v2\/pages\/196","targetHints":{"allow":["GET"]}}],"collection":[{"href":"https:\/\/fol20.robertoquiros.es\/index.php?rest_route=\/wp\/v2\/pages"}],"about":[{"href":"https:\/\/fol20.robertoquiros.es\/index.php?rest_route=\/wp\/v2\/types\/page"}],"author":[{"embeddable":true,"href":"https:\/\/fol20.robertoquiros.es\/index.php?rest_route=\/wp\/v2\/users\/1"}],"replies":[{"embeddable":true,"href":"https:\/\/fol20.robertoquiros.es\/index.php?rest_route=%2Fwp%2Fv2%2Fcomments&post=196"}],"version-history":[{"count":3,"href":"https:\/\/fol20.robertoquiros.es\/index.php?rest_route=\/wp\/v2\/pages\/196\/revisions"}],"predecessor-version":[{"id":1464,"href":"https:\/\/fol20.robertoquiros.es\/index.php?rest_route=\/wp\/v2\/pages\/196\/revisions\/1464"}],"up":[{"embeddable":true,"href":"https:\/\/fol20.robertoquiros.es\/index.php?rest_route=\/wp\/v2\/pages\/4"}],"wp:attachment":[{"href":"https:\/\/fol20.robertoquiros.es\/index.php?rest_route=%2Fwp%2Fv2%2Fmedia&parent=196"}],"curies":[{"name":"wp","href":"https:\/\/api.w.org\/{rel}","templated":true}]}}