{"id":13,"date":"2015-01-29T08:23:23","date_gmt":"2015-01-29T07:23:23","guid":{"rendered":"http:\/\/folnuevo.fol20.es\/?page_id=13"},"modified":"2015-01-29T08:23:23","modified_gmt":"2015-01-29T07:23:23","slug":"tema-5","status":"publish","type":"page","link":"https:\/\/fol20.robertoquiros.es\/?page_id=13","title":{"rendered":"Tema 5"},"content":{"rendered":"<p><strong><span style=\"font-family: arial,helvetica,sans-serif; font-size: 18pt;\">Tema 5. Modificaci\u00f3n, suspensi\u00f3n y extinci\u00f3n del contrato de trabajo<\/span><\/strong><\/p>\n","protected":false},"excerpt":{"rendered":"<p>Tema 5. Modificaci\u00f3n, suspensi\u00f3n y extinci\u00f3n del contrato de trabajo<\/p>\n","protected":false},"author":1,"featured_media":0,"parent":0,"menu_order":0,"comment_status":"closed","ping_status":"open","template":"","meta":{"footnotes":""},"class_list":["post-13","page","type-page","status-publish","hentry"],"_links":{"self":[{"href":"https:\/\/fol20.robertoquiros.es\/index.php?rest_route=\/wp\/v2\/pages\/13","targetHints":{"allow":["GET"]}}],"collection":[{"href":"https:\/\/fol20.robertoquiros.es\/index.php?rest_route=\/wp\/v2\/pages"}],"about":[{"href":"https:\/\/fol20.robertoquiros.es\/index.php?rest_route=\/wp\/v2\/types\/page"}],"author":[{"embeddable":true,"href":"https:\/\/fol20.robertoquiros.es\/index.php?rest_route=\/wp\/v2\/users\/1"}],"replies":[{"embeddable":true,"href":"https:\/\/fol20.robertoquiros.es\/index.php?rest_route=%2Fwp%2Fv2%2Fcomments&post=13"}],"version-history":[{"count":1,"href":"https:\/\/fol20.robertoquiros.es\/index.php?rest_route=\/wp\/v2\/pages\/13\/revisions"}],"predecessor-version":[{"id":14,"href":"https:\/\/fol20.robertoquiros.es\/index.php?rest_route=\/wp\/v2\/pages\/13\/revisions\/14"}],"wp:attachment":[{"href":"https:\/\/fol20.robertoquiros.es\/index.php?rest_route=%2Fwp%2Fv2%2Fmedia&parent=13"}],"curies":[{"name":"wp","href":"https:\/\/api.w.org\/{rel}","templated":true}]}}