{"id":1251,"date":"2017-12-15T17:41:41","date_gmt":"2017-12-15T16:41:41","guid":{"rendered":"http:\/\/fol20.robertoquiros.es\/?page_id=1251"},"modified":"2022-02-16T16:23:45","modified_gmt":"2022-02-16T15:23:45","slug":"7-7-negociacion-convenio-colectivo","status":"publish","type":"page","link":"https:\/\/fol20.robertoquiros.es\/?page_id=1251","title":{"rendered":"7.7 Negociaci\u00f3n Convenio Colectivo"},"content":{"rendered":"<p align=\"JUSTIFY\">Los Convenios Colectivos de \u00e1mbito superior al de empresa, son negociados por parte de los trabajadores a trav\u00e9s de los sindicatos representativos y los sindicatos con representatividad menor, en el \u00e1mbito funcional y territorial del que se trate. Por parte del empresario, son las asociaciones empresariales representativas y las que tienen representatividad menor, en el \u00e1mbito territorial y funcional del que se trate, las que se encargan de negociar los Convenios Colectivos.<\/p>\n<p align=\"JUSTIFY\">Los convenios colectivos de \u00e1mbito de empresa o inferior, son negociados por parte de los trabajadores por el Comit\u00e9 de Empresa, los delegados de personal o las secciones sindicales, y por parte del empresario, negocia el propio empresario.<\/p>\n<p align=\"JUSTIFY\"><span class=\"fontstyle0\"><img loading=\"lazy\" decoding=\"async\" class=\"aligncenter size-full wp-image-1698\" src=\"http:\/\/fol20.robertoquiros.es\/wp-content\/uploads\/2022\/02\/convenio-colectivo-440x272-1.jpg\" alt=\"\" width=\"440\" height=\"272\" srcset=\"https:\/\/fol20.robertoquiros.es\/wp-content\/uploads\/2022\/02\/convenio-colectivo-440x272-1.jpg 440w, https:\/\/fol20.robertoquiros.es\/wp-content\/uploads\/2022\/02\/convenio-colectivo-440x272-1-300x185.jpg 300w\" sizes=\"auto, (max-width: 440px) 100vw, 440px\" \/><\/span><\/p>\n<p align=\"JUSTIFY\">Los convenios colectivos deben presentarse, para su registro, en la Autoridad Laboral, quien se ocupar\u00e1 de publicarlos en el bolet\u00edn oficial correspondiente, para que todo el mundo tenga acceso a la informaci\u00f3n.<\/p>\n<p align=\"JUSTIFY\">Los convenios colectivos pueden incorporar la <b>cl\u00e1usula de descuelgue salarial,<\/b> lo que significa que, en determinadas circunstancias, se pueden rebajar los salarios pactados.<\/p>\n<p style=\"text-align: left;\" align=\"CENTER\"><span class=\"fontstyle0\">La regulaci\u00f3n de las condiciones establecidas en un convenio de empresa o de un grupo de empresas tendr\u00e1n prioridad aplicativa respecto del convenio sectorial estatal,auton\u00f3mico o de \u00e1mbito inferior en todo, excepto salario base y complementos salariales.<\/span><\/p>\n<p style=\"text-align: left;\" align=\"CENTER\"><span class=\"fontstyle0\">Salvo pacto en contrario, los convenios colectivos se prorrogar\u00e1n de a\u00f1o en a\u00f1o si no mediara denuncia expresa de las partes.<\/span><\/p>\n<p style=\"text-align: left;\" align=\"CENTER\"><span class=\"fontstyle0\">Durante las negociaciones para la renovaci\u00f3n de un convenio colectivo, en defecto de pacto, se mantendr\u00e1 su vigencia.<\/span><\/p>\n<p style=\"text-align: left;\" align=\"CENTER\"><span class=\"fontstyle0\">Transcurrido un a\u00f1o desde la denuncia del convenio colectivo sin que se haya acordado un nuevo convenio, las partes deber\u00e1n someterse a los procedimientos de\u00a0mediaci\u00f3n.<\/span><\/p>\n<p align=\"CENTER\"><img loading=\"lazy\" decoding=\"async\" class=\"aligncenter wp-image-1700 size-medium\" src=\"http:\/\/fol20.robertoquiros.es\/wp-content\/uploads\/2022\/02\/comunicacion-no-verbal-300x200.jpg\" alt=\"\" width=\"300\" height=\"200\" srcset=\"https:\/\/fol20.robertoquiros.es\/wp-content\/uploads\/2022\/02\/comunicacion-no-verbal-300x200.jpg 300w, https:\/\/fol20.robertoquiros.es\/wp-content\/uploads\/2022\/02\/comunicacion-no-verbal-1024x682.jpg 1024w, https:\/\/fol20.robertoquiros.es\/wp-content\/uploads\/2022\/02\/comunicacion-no-verbal-768x512.jpg 768w, https:\/\/fol20.robertoquiros.es\/wp-content\/uploads\/2022\/02\/comunicacion-no-verbal-1536x1024.jpg 1536w, https:\/\/fol20.robertoquiros.es\/wp-content\/uploads\/2022\/02\/comunicacion-no-verbal-2048x1365.jpg 2048w\" sizes=\"auto, (max-width: 300px) 100vw, 300px\" \/><\/p>\n","protected":false},"excerpt":{"rendered":"<p>Los Convenios Colectivos de \u00e1mbito superior al de empresa, son negociados por parte de los trabajadores a trav\u00e9s de los sindicatos representativos y los sindicatos con representatividad menor, en el \u00e1mbito funcional y territorial del que se trate. Por parte &hellip; <a href=\"https:\/\/fol20.robertoquiros.es\/?page_id=1251\">Sigue leyendo <span class=\"meta-nav\">&rarr;<\/span><\/a><\/p>\n","protected":false},"author":1,"featured_media":0,"parent":17,"menu_order":7,"comment_status":"closed","ping_status":"closed","template":"","meta":{"footnotes":""},"class_list":["post-1251","page","type-page","status-publish","hentry"],"_links":{"self":[{"href":"https:\/\/fol20.robertoquiros.es\/index.php?rest_route=\/wp\/v2\/pages\/1251","targetHints":{"allow":["GET"]}}],"collection":[{"href":"https:\/\/fol20.robertoquiros.es\/index.php?rest_route=\/wp\/v2\/pages"}],"about":[{"href":"https:\/\/fol20.robertoquiros.es\/index.php?rest_route=\/wp\/v2\/types\/page"}],"author":[{"embeddable":true,"href":"https:\/\/fol20.robertoquiros.es\/index.php?rest_route=\/wp\/v2\/users\/1"}],"replies":[{"embeddable":true,"href":"https:\/\/fol20.robertoquiros.es\/index.php?rest_route=%2Fwp%2Fv2%2Fcomments&post=1251"}],"version-history":[{"count":8,"href":"https:\/\/fol20.robertoquiros.es\/index.php?rest_route=\/wp\/v2\/pages\/1251\/revisions"}],"predecessor-version":[{"id":1701,"href":"https:\/\/fol20.robertoquiros.es\/index.php?rest_route=\/wp\/v2\/pages\/1251\/revisions\/1701"}],"up":[{"embeddable":true,"href":"https:\/\/fol20.robertoquiros.es\/index.php?rest_route=\/wp\/v2\/pages\/17"}],"wp:attachment":[{"href":"https:\/\/fol20.robertoquiros.es\/index.php?rest_route=%2Fwp%2Fv2%2Fmedia&parent=1251"}],"curies":[{"name":"wp","href":"https:\/\/api.w.org\/{rel}","templated":true}]}}