{"id":1237,"date":"2017-12-15T17:34:28","date_gmt":"2017-12-15T16:34:28","guid":{"rendered":"http:\/\/fol20.robertoquiros.es\/?page_id=1237"},"modified":"2020-03-18T16:04:04","modified_gmt":"2020-03-18T15:04:04","slug":"7-1-delegados-de-personal","status":"publish","type":"page","link":"https:\/\/fol20.robertoquiros.es\/?page_id=1237","title":{"rendered":"7.1 Delegados de personal"},"content":{"rendered":"<p align=\"JUSTIFY\">En las empresas que tienen menos de 50 trabajadores, los representantes de los trabajadores se llaman \u00abdelegados de personal\u00bb. El n\u00famero de delegados var\u00eda, seg\u00fan se indica en la siguiente tabla:<\/p>\n<table border=\"1\" width=\"636\" cellspacing=\"0\" cellpadding=\"0\">\n<colgroup>\n<col width=\"240\" \/>\n<col width=\"394\" \/> <\/colgroup>\n<tbody>\n<tr valign=\"TOP\">\n<td bgcolor=\"#f3f3f3\" width=\"240\" height=\"53\">\n<p align=\"CENTER\"><b>N\u00famero de <\/b><\/p>\n<p align=\"CENTER\"><b>trabajadores de la empresa<\/b><\/p>\n<\/td>\n<td bgcolor=\"#f3f3f3\" width=\"394\">\n<p align=\"CENTER\"><b>N\u00famero de <\/b><\/p>\n<p align=\"CENTER\"><b>delegados de personal<\/b><\/p>\n<\/td>\n<\/tr>\n<tr valign=\"TOP\">\n<td bgcolor=\"#ffffff\" width=\"240\" height=\"54\">\n<p align=\"CENTER\">De 6 a 10<\/p>\n<\/td>\n<td bgcolor=\"#ffffff\" width=\"394\">\n<p align=\"CENTER\">1, si los trabajadores deciden por mayor\u00eda tenerlo, si no, no es obligatorio.<\/p>\n<\/td>\n<\/tr>\n<tr valign=\"TOP\">\n<td bgcolor=\"#ffffff\" width=\"240\" height=\"27\">\n<p align=\"CENTER\">De 11 a 30<\/p>\n<\/td>\n<td bgcolor=\"#ffffff\" width=\"394\">\n<p align=\"CENTER\">1<\/p>\n<\/td>\n<\/tr>\n<tr valign=\"TOP\">\n<td bgcolor=\"#ffffff\" width=\"240\" height=\"26\">\n<p align=\"CENTER\">De 31 a 49<\/p>\n<\/td>\n<td bgcolor=\"#ffffff\" width=\"394\">\n<p align=\"CENTER\">3<\/p>\n<\/td>\n<\/tr>\n<\/tbody>\n<\/table>\n","protected":false},"excerpt":{"rendered":"<p>En las empresas que tienen menos de 50 trabajadores, los representantes de los trabajadores se llaman \u00abdelegados de personal\u00bb. El n\u00famero de delegados var\u00eda, seg\u00fan se indica en la siguiente tabla: N\u00famero de trabajadores de la empresa N\u00famero de delegados &hellip; <a href=\"https:\/\/fol20.robertoquiros.es\/?page_id=1237\">Sigue leyendo <span class=\"meta-nav\">&rarr;<\/span><\/a><\/p>\n","protected":false},"author":1,"featured_media":0,"parent":17,"menu_order":1,"comment_status":"closed","ping_status":"closed","template":"","meta":{"footnotes":""},"class_list":["post-1237","page","type-page","status-publish","hentry"],"_links":{"self":[{"href":"https:\/\/fol20.robertoquiros.es\/index.php?rest_route=\/wp\/v2\/pages\/1237","targetHints":{"allow":["GET"]}}],"collection":[{"href":"https:\/\/fol20.robertoquiros.es\/index.php?rest_route=\/wp\/v2\/pages"}],"about":[{"href":"https:\/\/fol20.robertoquiros.es\/index.php?rest_route=\/wp\/v2\/types\/page"}],"author":[{"embeddable":true,"href":"https:\/\/fol20.robertoquiros.es\/index.php?rest_route=\/wp\/v2\/users\/1"}],"replies":[{"embeddable":true,"href":"https:\/\/fol20.robertoquiros.es\/index.php?rest_route=%2Fwp%2Fv2%2Fcomments&post=1237"}],"version-history":[{"count":2,"href":"https:\/\/fol20.robertoquiros.es\/index.php?rest_route=\/wp\/v2\/pages\/1237\/revisions"}],"predecessor-version":[{"id":1522,"href":"https:\/\/fol20.robertoquiros.es\/index.php?rest_route=\/wp\/v2\/pages\/1237\/revisions\/1522"}],"up":[{"embeddable":true,"href":"https:\/\/fol20.robertoquiros.es\/index.php?rest_route=\/wp\/v2\/pages\/17"}],"wp:attachment":[{"href":"https:\/\/fol20.robertoquiros.es\/index.php?rest_route=%2Fwp%2Fv2%2Fmedia&parent=1237"}],"curies":[{"name":"wp","href":"https:\/\/api.w.org\/{rel}","templated":true}]}}