{"id":1188,"date":"2017-12-15T17:03:33","date_gmt":"2017-12-15T16:03:33","guid":{"rendered":"http:\/\/fol20.robertoquiros.es\/?page_id=1188"},"modified":"2020-03-18T15:26:46","modified_gmt":"2020-03-18T14:26:46","slug":"4-1-plazos-y-formas-de-pago-del-salario","status":"publish","type":"page","link":"https:\/\/fol20.robertoquiros.es\/?page_id=1188","title":{"rendered":"4.1 Plazos y formas de pago del salario"},"content":{"rendered":"<p align=\"JUSTIFY\">El pago del salario a los trabajadores se realiza en la fecha acordada en el Convenio Colectivo y no puede exceder de un mes el tiempo de trabajo que se le abona.<\/p>\n<p align=\"JUSTIFY\">El salario se puede pagar en met\u00e1lico (dinero), o en especie (bienes, prestaciones, etc.). En cualquier caso, el importe que nos pueden pagar en especie no puede superar el 30 % del total del salario.<\/p>\n<p align=\"JUSTIFY\">En algunas categor\u00edas profesionales, el salario se paga a condiciones mensuales, es decir, se calcula por meses naturales (enero, febrero, etc.). En otras categor\u00edas profesionales, el salario se paga a condiciones diarias, es decir, se calcula multiplicando el salario diario correspondiente por el n\u00famero de d\u00edas naturales del mes (por ejemplo, en Enero ser\u00eda el salario diario multiplicado por 31 d\u00edas; en Febrero ser\u00eda el salario diario por 28 d\u00edas, y as\u00ed sucesivamente).<\/p>\n<p align=\"CENTER\"><span style=\"color: #0000ff;\"><span style=\"font-family: Calibri, sans-serif;\"><span style=\"font-size: large;\"><b>RECUERDA que\u2026<\/b><\/span><\/span><\/span><\/p>\n<p align=\"CENTER\"><span style=\"color: #0000ff;\"><span style=\"font-family: Calibri, sans-serif;\"><b>La empresa debe abonar el salario al trabajador en la fecha convenida, y si incumple la misma, deber\u00e1 abonar al trabajador un inter\u00e9s del 10 % anual de lo adeudado.<\/b><\/span><\/span><\/p>\n<p align=\"CENTER\"><span style=\"color: #0000ff;\"><span style=\"font-family: Calibri, sans-serif;\"><b>La falta de pago o os retrasos continuados en el pago del salario pactado es una de las causas de extinci\u00f3n del contrato de trabajo por voluntad del trabajador.<\/b><\/span><\/span><\/p>\n","protected":false},"excerpt":{"rendered":"<p>El pago del salario a los trabajadores se realiza en la fecha acordada en el Convenio Colectivo y no puede exceder de un mes el tiempo de trabajo que se le abona. El salario se puede pagar en met\u00e1lico (dinero), &hellip; <a href=\"https:\/\/fol20.robertoquiros.es\/?page_id=1188\">Sigue leyendo <span class=\"meta-nav\">&rarr;<\/span><\/a><\/p>\n","protected":false},"author":1,"featured_media":0,"parent":11,"menu_order":1,"comment_status":"closed","ping_status":"closed","template":"","meta":{"footnotes":""},"class_list":["post-1188","page","type-page","status-publish","hentry"],"_links":{"self":[{"href":"https:\/\/fol20.robertoquiros.es\/index.php?rest_route=\/wp\/v2\/pages\/1188","targetHints":{"allow":["GET"]}}],"collection":[{"href":"https:\/\/fol20.robertoquiros.es\/index.php?rest_route=\/wp\/v2\/pages"}],"about":[{"href":"https:\/\/fol20.robertoquiros.es\/index.php?rest_route=\/wp\/v2\/types\/page"}],"author":[{"embeddable":true,"href":"https:\/\/fol20.robertoquiros.es\/index.php?rest_route=\/wp\/v2\/users\/1"}],"replies":[{"embeddable":true,"href":"https:\/\/fol20.robertoquiros.es\/index.php?rest_route=%2Fwp%2Fv2%2Fcomments&post=1188"}],"version-history":[{"count":2,"href":"https:\/\/fol20.robertoquiros.es\/index.php?rest_route=\/wp\/v2\/pages\/1188\/revisions"}],"predecessor-version":[{"id":1499,"href":"https:\/\/fol20.robertoquiros.es\/index.php?rest_route=\/wp\/v2\/pages\/1188\/revisions\/1499"}],"up":[{"embeddable":true,"href":"https:\/\/fol20.robertoquiros.es\/index.php?rest_route=\/wp\/v2\/pages\/11"}],"wp:attachment":[{"href":"https:\/\/fol20.robertoquiros.es\/index.php?rest_route=%2Fwp%2Fv2%2Fmedia&parent=1188"}],"curies":[{"name":"wp","href":"https:\/\/api.w.org\/{rel}","templated":true}]}}