{"id":1179,"date":"2017-12-15T16:56:05","date_gmt":"2017-12-15T15:56:05","guid":{"rendered":"http:\/\/fol20.robertoquiros.es\/?page_id=1179"},"modified":"2020-03-18T14:09:16","modified_gmt":"2020-03-18T13:09:16","slug":"3-6-pagas-extraordinarias","status":"publish","type":"page","link":"https:\/\/fol20.robertoquiros.es\/?page_id=1179","title":{"rendered":"3.6 Pagas extraordinarias"},"content":{"rendered":"<p align=\"JUSTIFY\">Los trabajadores tienen derecho, como m\u00ednimo, a dos \u201cpagas extras\u201d al a\u00f1o, una se abonar\u00e1 en Navidades y la otra en la fecha que fije el Convenio Colectivo.<\/p>\n<p align=\"JUSTIFY\">La cuant\u00eda de las pagas extraordinarias se establece en el Convenio Colectivo, pudiendo acordarse el cobro prorrateado de las mismas (es decir, que cada mes te paguen la parte proporcional, una doceava parte de las mismas).<\/p>\n","protected":false},"excerpt":{"rendered":"<p>Los trabajadores tienen derecho, como m\u00ednimo, a dos \u201cpagas extras\u201d al a\u00f1o, una se abonar\u00e1 en Navidades y la otra en la fecha que fije el Convenio Colectivo. La cuant\u00eda de las pagas extraordinarias se establece en el Convenio Colectivo, &hellip; <a href=\"https:\/\/fol20.robertoquiros.es\/?page_id=1179\">Sigue leyendo <span class=\"meta-nav\">&rarr;<\/span><\/a><\/p>\n","protected":false},"author":1,"featured_media":0,"parent":9,"menu_order":6,"comment_status":"closed","ping_status":"closed","template":"","meta":{"footnotes":""},"class_list":["post-1179","page","type-page","status-publish","hentry"],"_links":{"self":[{"href":"https:\/\/fol20.robertoquiros.es\/index.php?rest_route=\/wp\/v2\/pages\/1179","targetHints":{"allow":["GET"]}}],"collection":[{"href":"https:\/\/fol20.robertoquiros.es\/index.php?rest_route=\/wp\/v2\/pages"}],"about":[{"href":"https:\/\/fol20.robertoquiros.es\/index.php?rest_route=\/wp\/v2\/types\/page"}],"author":[{"embeddable":true,"href":"https:\/\/fol20.robertoquiros.es\/index.php?rest_route=\/wp\/v2\/users\/1"}],"replies":[{"embeddable":true,"href":"https:\/\/fol20.robertoquiros.es\/index.php?rest_route=%2Fwp%2Fv2%2Fcomments&post=1179"}],"version-history":[{"count":2,"href":"https:\/\/fol20.robertoquiros.es\/index.php?rest_route=\/wp\/v2\/pages\/1179\/revisions"}],"predecessor-version":[{"id":1495,"href":"https:\/\/fol20.robertoquiros.es\/index.php?rest_route=\/wp\/v2\/pages\/1179\/revisions\/1495"}],"up":[{"embeddable":true,"href":"https:\/\/fol20.robertoquiros.es\/index.php?rest_route=\/wp\/v2\/pages\/9"}],"wp:attachment":[{"href":"https:\/\/fol20.robertoquiros.es\/index.php?rest_route=%2Fwp%2Fv2%2Fmedia&parent=1179"}],"curies":[{"name":"wp","href":"https:\/\/api.w.org\/{rel}","templated":true}]}}