{"id":1176,"date":"2017-12-15T16:54:44","date_gmt":"2017-12-15T15:54:44","guid":{"rendered":"http:\/\/fol20.robertoquiros.es\/?page_id=1176"},"modified":"2020-03-18T14:08:29","modified_gmt":"2020-03-18T13:08:29","slug":"3-5-vacaciones","status":"publish","type":"page","link":"https:\/\/fol20.robertoquiros.es\/?page_id=1176","title":{"rendered":"3.5 Vacaciones"},"content":{"rendered":"<p align=\"JUSTIFY\">Al margen de los d\u00edas festivos (14 d\u00edas retribuidos al a\u00f1o, como m\u00e1ximo), el trabajador tendr\u00e1 derecho, como m\u00ednimo, a 30 d\u00edas naturales de vacaciones retribuidas al a\u00f1o. Tienes que tener en cuenta que los \u201cd\u00edas naturales\u201d incluyen los s\u00e1bados, domingos y festivos, a diferencia de los \u201cd\u00edas laborables\u201d que los excluyen.<\/p>\n<p align=\"JUSTIFY\">La fecha de disfrute de las vacaciones se fija por Convenio Colectivo. En caso de que el Convenio Colectivo no lo establezca, la fecha la establecer\u00e1n de mutuo acuerdo el empresario y el trabajador. Y si no hubiera acuerdo, ser\u00e1 el Juzgado de lo Social el que fije la fecha de disfrute. En cualquier caso, el trabajador deber\u00e1 conocer las fechas de disfrute con al menos 2 meses<b> <\/b>de antelaci\u00f3n.<\/p>\n<p align=\"JUSTIFY\">Es importante que tengas en cuenta que<b> <\/b>las vacaciones deben disfrutarse dentro de cada a\u00f1o natural, salvo casos justificados que lo impidan (maternidad, paternidad, incapacidad temporal, etc.), en los que podr\u00e1n disfrutarse al a\u00f1o siguiente.<\/p>\n<p align=\"JUSTIFY\">Las vacaciones pueden fraccionarse en dos o m\u00e1s per\u00edodos, siempre que al menos uno de ellos sea de dos semanas ininterrumpidas.<\/p>\n<p align=\"CENTER\"><span style=\"color: #0000ff; background-color: #ccffff;\"><span style=\"font-family: Calibri, sans-serif;\"><span style=\"font-size: large; background-color: #ccffff;\"><b>RECUERDA que\u2026<\/b><\/span><\/span><\/span><\/p>\n<p align=\"CENTER\"><span style=\"color: #0000ff;\"><span style=\"font-family: Calibri, sans-serif;\"><b><span style=\"background-color: #ccffff;\">Un trabajador no puede renunciar a sus vacaciones, ni siquiera a cambio de una compensaci\u00f3n econ\u00f3mica<\/span>.<\/b><\/span><\/span><\/p>\n\n\n<figure class=\"wp-block-image size-large\"><img loading=\"lazy\" decoding=\"async\" width=\"626\" height=\"418\" src=\"http:\/\/fol20.robertoquiros.es\/wp-content\/uploads\/2020\/03\/playa.jpg\" alt=\"\" class=\"wp-image-1493\" srcset=\"https:\/\/fol20.robertoquiros.es\/wp-content\/uploads\/2020\/03\/playa.jpg 626w, https:\/\/fol20.robertoquiros.es\/wp-content\/uploads\/2020\/03\/playa-300x200.jpg 300w\" sizes=\"auto, (max-width: 626px) 100vw, 626px\" \/><\/figure>\n","protected":false},"excerpt":{"rendered":"<p>Al margen de los d\u00edas festivos (14 d\u00edas retribuidos al a\u00f1o, como m\u00e1ximo), el trabajador tendr\u00e1 derecho, como m\u00ednimo, a 30 d\u00edas naturales de vacaciones retribuidas al a\u00f1o. Tienes que tener en cuenta que los \u201cd\u00edas naturales\u201d incluyen los s\u00e1bados, &hellip; <a href=\"https:\/\/fol20.robertoquiros.es\/?page_id=1176\">Sigue leyendo <span class=\"meta-nav\">&rarr;<\/span><\/a><\/p>\n","protected":false},"author":1,"featured_media":0,"parent":9,"menu_order":5,"comment_status":"closed","ping_status":"closed","template":"","meta":{"footnotes":""},"class_list":["post-1176","page","type-page","status-publish","hentry"],"_links":{"self":[{"href":"https:\/\/fol20.robertoquiros.es\/index.php?rest_route=\/wp\/v2\/pages\/1176","targetHints":{"allow":["GET"]}}],"collection":[{"href":"https:\/\/fol20.robertoquiros.es\/index.php?rest_route=\/wp\/v2\/pages"}],"about":[{"href":"https:\/\/fol20.robertoquiros.es\/index.php?rest_route=\/wp\/v2\/types\/page"}],"author":[{"embeddable":true,"href":"https:\/\/fol20.robertoquiros.es\/index.php?rest_route=\/wp\/v2\/users\/1"}],"replies":[{"embeddable":true,"href":"https:\/\/fol20.robertoquiros.es\/index.php?rest_route=%2Fwp%2Fv2%2Fcomments&post=1176"}],"version-history":[{"count":3,"href":"https:\/\/fol20.robertoquiros.es\/index.php?rest_route=\/wp\/v2\/pages\/1176\/revisions"}],"predecessor-version":[{"id":1494,"href":"https:\/\/fol20.robertoquiros.es\/index.php?rest_route=\/wp\/v2\/pages\/1176\/revisions\/1494"}],"up":[{"embeddable":true,"href":"https:\/\/fol20.robertoquiros.es\/index.php?rest_route=\/wp\/v2\/pages\/9"}],"wp:attachment":[{"href":"https:\/\/fol20.robertoquiros.es\/index.php?rest_route=%2Fwp%2Fv2%2Fmedia&parent=1176"}],"curies":[{"name":"wp","href":"https:\/\/api.w.org\/{rel}","templated":true}]}}